CRAN Package Check Results for Package Cluster.OBeu

Last updated on 2019-12-09 22:51:06 CET.

Flavor Version Tinstall Tcheck Ttotal Status Flags
r-devel-linux-x86_64-debian-clang 1.2.2 4.86 45.72 50.58 ERROR
r-devel-linux-x86_64-debian-gcc 1.2.2 4.12 35.19 39.31 ERROR
r-devel-linux-x86_64-fedora-clang 1.2.2 63.82 OK
r-devel-linux-x86_64-fedora-gcc 1.2.2 60.69 OK
r-devel-windows-ix86+x86_64 1.2.2 15.00 57.00 72.00 OK
r-devel-windows-ix86+x86_64-gcc8 1.2.2 17.00 60.00 77.00 OK
r-patched-linux-x86_64 1.2.2 3.54 41.17 44.71 OK
r-patched-solaris-x86 1.2.2 86.60 OK
r-release-linux-x86_64 1.2.2 4.01 41.99 46.00 OK
r-release-windows-ix86+x86_64 1.2.2 10.00 61.00 71.00 OK
r-release-osx-x86_64 1.2.2 OK
r-oldrel-windows-ix86+x86_64 1.2.2 7.00 55.00 62.00 OK
r-oldrel-osx-x86_64 1.2.2 OK

Check Details

Version: 1.2.2
Check: examples
Result: ERROR
    Running examples in 'Cluster.OBeu-Ex.R' failed
    The error most likely occurred in:
    
    > base::assign(".ptime", proc.time(), pos = "CheckExEnv")
    > ### Name: cl.summary
    > ### Title: Extract the proposed clustering method and the number of
    > ### clusters from clvalid method
    > ### Aliases: cl.summary
    >
    > ### ** Examples
    >
    > cl.data <- nums(city_data)
    > method_clvalid <- clValid::clValid(as.matrix(cl.data), 2:4,
    + clMethods = c("pam", "kmeans"),
    + validation = c("internal","stability"),
    + metric = "euclidean")
    Error in switch(class(obj), matrix = mat <- obj, ExpressionSet = mat <- Biobase::exprs(obj), :
     EXPR must be a length 1 vector
    Calls: <Anonymous>
    Execution halted
Flavors: r-devel-linux-x86_64-debian-clang, r-devel-linux-x86_64-debian-gcc