Last updated on 2023-06-09 22:58:23 CEST.
Flavor | Version | Tinstall | Tcheck | Ttotal | Status | Flags |
---|---|---|---|---|---|---|
r-devel-linux-x86_64-debian-clang | 1.0.4 | 29.37 | 97.55 | 126.92 | OK | |
r-devel-linux-x86_64-debian-gcc | 1.0.4 | 23.96 | 75.72 | 99.68 | OK | |
r-devel-linux-x86_64-fedora-clang | 1.0.4 | 167.75 | NOTE | |||
r-devel-linux-x86_64-fedora-gcc | 1.0.4 | 163.03 | NOTE | |||
r-devel-windows-x86_64 | 1.0.4 | 27.00 | 107.00 | 134.00 | OK | |
r-patched-linux-x86_64 | 1.0.4 | 24.81 | 93.61 | 118.42 | OK | |
r-release-linux-x86_64 | 1.0.4 | 23.69 | 95.21 | 118.90 | OK | |
r-release-macos-arm64 | 1.0.4 | 52.00 | OK | |||
r-release-macos-x86_64 | 1.0.4 | 89.00 | OK | |||
r-release-windows-x86_64 | 1.0.4 | 34.00 | 129.00 | 163.00 | OK | |
r-oldrel-macos-arm64 | 1.0.4 | 43.00 | OK | |||
r-oldrel-macos-x86_64 | 1.0.4 | 62.00 | OK | |||
r-oldrel-windows-x86_64 | 1.0.4 | 32.00 | 126.00 | 158.00 | OK |
Version: 1.0.4
Check: compiled code
Result: NOTE
File ‘ClusterStability/libs/ClusterStability.so’:
Found no calls to: ‘R_registerRoutines’, ‘R_useDynamicSymbols’
It is good practice to register native routines and to disable symbol
search.
See ‘Writing portable packages’ in the ‘Writing R Extensions’ manual.
Flavors: r-devel-linux-x86_64-fedora-clang, r-devel-linux-x86_64-fedora-gcc