Last updated on 2024-04-22 23:09:46 CEST.
Flavor | Version | Tinstall | Tcheck | Ttotal | Status | Flags |
---|---|---|---|---|---|---|
r-devel-linux-x86_64-debian-clang | 0.5.10 | 14.20 | 34.79 | 48.99 | NOTE | |
r-devel-linux-x86_64-debian-gcc | 0.5.10 | 8.19 | 26.26 | 34.45 | NOTE | |
r-devel-linux-x86_64-fedora-clang | 0.5.10 | 60.11 | NOTE | |||
r-devel-linux-x86_64-fedora-gcc | 0.5.10 | 55.67 | NOTE | |||
r-prerel-macos-arm64 | 0.5.10 | 25.00 | NOTE | |||
r-prerel-windows-x86_64 | 0.5.10 | 19.00 | 51.00 | 70.00 | NOTE | |
r-patched-linux-x86_64 | 0.5.10 | 9.57 | 33.77 | 43.34 | NOTE | |
r-release-linux-x86_64 | 0.5.10 | 11.16 | 33.68 | 44.84 | OK | |
r-release-macos-arm64 | 0.5.10 | 25.00 | OK | |||
r-release-macos-x86_64 | 0.5.10 | 37.00 | OK | |||
r-release-windows-x86_64 | 0.5.10 | 21.00 | 54.00 | 75.00 | OK | |
r-oldrel-macos-arm64 | 0.5.10 | 28.00 | OK | |||
r-oldrel-windows-x86_64 | 0.5.10 | 19.00 | 54.00 | 73.00 | OK |
Version: 0.5.10
Check: Rd files
Result: NOTE
checkRd: (-1) kprime.Rd:36: Lost braces; missing escapes or markup?
36 | kprime is a {p,d,q} set of functions that compute the K-prime distribution. This distribution has many applications,
| ^
checkRd: (-1) lsecond.Rd:37: Lost braces; missing escapes or markup?
37 | lsecond are {p,d,q} functions that compute the Lambda-second (L") distribution. This
| ^
checkRd: (-1) pilsecond.Rd:39: Lost braces; missing escapes or markup?
39 | pilsecond are {p,d,q} functions that compute the prior-informed Lambda-second (L") distribution. This
| ^
Flavors: r-devel-linux-x86_64-debian-clang, r-devel-linux-x86_64-debian-gcc, r-devel-linux-x86_64-fedora-clang, r-devel-linux-x86_64-fedora-gcc, r-prerel-macos-arm64, r-prerel-windows-x86_64, r-patched-linux-x86_64