CRAN Package Check Results for Package CommonTrend

Last updated on 2019-09-14 22:48:22 CEST.

Flavor Version Tinstall Tcheck Ttotal Status Flags
r-devel-linux-x86_64-debian-clang 0.7-1 2.76 26.90 29.66 NOTE
r-devel-linux-x86_64-debian-gcc 0.7-1 2.33 22.01 24.34 NOTE
r-devel-linux-x86_64-fedora-clang 0.7-1 36.03 NOTE
r-devel-linux-x86_64-fedora-gcc 0.7-1 35.59 NOTE
r-devel-windows-ix86+x86_64 0.7-1 10.00 42.00 52.00 NOTE
r-patched-linux-x86_64 0.7-1 2.46 27.73 30.19 NOTE
r-patched-solaris-x86 0.7-1 54.80 NOTE
r-release-linux-x86_64 0.7-1 2.46 26.67 29.13 NOTE
r-release-windows-ix86+x86_64 0.7-1 7.00 64.00 71.00 NOTE
r-release-osx-x86_64 0.7-1 NOTE
r-oldrel-windows-ix86+x86_64 0.7-1 5.00 38.00 43.00 NOTE
r-oldrel-osx-x86_64 0.7-1 NOTE

Check Details

Version: 0.7-1
Check: DESCRIPTION meta-information
Result: NOTE
    Malformed Title field: should not end in a period.
Flavors: r-devel-linux-x86_64-debian-clang, r-devel-linux-x86_64-debian-gcc, r-devel-linux-x86_64-fedora-clang, r-devel-linux-x86_64-fedora-gcc, r-devel-windows-ix86+x86_64, r-patched-linux-x86_64, r-patched-solaris-x86, r-release-linux-x86_64, r-release-windows-ix86+x86_64, r-release-osx-x86_64, r-oldrel-windows-ix86+x86_64, r-oldrel-osx-x86_64

Version: 0.7-1
Check: R code for possible problems
Result: NOTE
    p.Johansen: no visible global function definition for 'pgamma'
    plotComT: no visible global function definition for 'axis'
    plotComT: no visible global function definition for 'title'
    plotComT: no visible global function definition for 'lines'
    plotComT: no visible global function definition for 'box'
    q.Johansen: no visible global function definition for 'qgamma'
    Undefined global functions or variables:
     axis box lines pgamma qgamma title
    Consider adding
     importFrom("graphics", "axis", "box", "lines", "title")
     importFrom("stats", "pgamma", "qgamma")
    to your NAMESPACE file.
Flavors: r-devel-linux-x86_64-debian-clang, r-devel-linux-x86_64-debian-gcc, r-devel-linux-x86_64-fedora-clang, r-devel-linux-x86_64-fedora-gcc, r-devel-windows-ix86+x86_64, r-patched-linux-x86_64, r-patched-solaris-x86, r-release-linux-x86_64, r-release-windows-ix86+x86_64, r-release-osx-x86_64, r-oldrel-windows-ix86+x86_64, r-oldrel-osx-x86_64