CRAN Package Check Results for Package CompGLM

Last updated on 2017-11-17 22:47:03.

Flavor Version Tinstall Tcheck Ttotal Status Flags
r-devel-linux-x86_64-debian-clang 1.0 8.80 23.94 32.74 NOTE
r-devel-linux-x86_64-debian-gcc 1.0 9.86 24.40 34.26 NOTE
r-devel-linux-x86_64-fedora-clang 1.0 60.61 NOTE
r-devel-linux-x86_64-fedora-gcc 1.0 57.26 NOTE
r-devel-windows-ix86+x86_64 1.0 42.00 84.00 126.00 NOTE
r-patched-linux-x86_64 1.0 9.03 24.54 33.58 NOTE
r-patched-solaris-x86 1.0 74.80 NOTE
r-release-linux-x86_64 1.0 9.04 24.70 33.74 NOTE
r-release-windows-ix86+x86_64 1.0 30.00 104.00 134.00 NOTE
r-release-osx-x86_64 1.0 NOTE
r-oldrel-windows-ix86+x86_64 1.0 29.00 105.00 134.00 NOTE
r-oldrel-osx-x86_64 1.0 NOTE

Check Details

Version: 1.0
Check: R code for possible problems
Result: NOTE
    glm.comp: no visible global function definition for ‘model.frame’
    glm.comp: no visible global function definition for ‘model.response’
    glm.comp: no visible global function definition for ‘model.matrix’
    glm.comp: no visible global function definition for ‘model.offset’
    glm.comp: no visible global function definition for ‘glm.fit’
    glm.comp: no visible global function definition for ‘poisson’
    glm.comp: no visible global function definition for ‘optim’
    predict.Comp: no visible global function definition for
     ‘delete.response’
    predict.Comp: no visible global function definition for ‘model.frame’
    predict.Comp: no visible global function definition for ‘model.matrix’
    print.Comp: no visible global function definition for ‘AIC’
    print.summary.Comp: no visible global function definition for
     ‘printCoefmat’
    summary.Comp: no visible global function definition for ‘pt’
    summary.Comp: no visible global function definition for ‘AIC’
    Undefined global functions or variables:
     AIC delete.response glm.fit model.frame model.matrix model.offset
     model.response optim poisson printCoefmat pt
    Consider adding
     importFrom("stats", "AIC", "delete.response", "glm.fit", "model.frame",
     "model.matrix", "model.offset", "model.response", "optim",
     "poisson", "printCoefmat", "pt")
    to your NAMESPACE file.
Flavors: r-devel-linux-x86_64-debian-clang, r-devel-linux-x86_64-debian-gcc, r-devel-linux-x86_64-fedora-clang, r-devel-linux-x86_64-fedora-gcc, r-devel-windows-ix86+x86_64, r-patched-linux-x86_64, r-patched-solaris-x86, r-release-linux-x86_64, r-release-windows-ix86+x86_64, r-release-osx-x86_64, r-oldrel-windows-ix86+x86_64, r-oldrel-osx-x86_64

Version: 1.0
Check: compiled code
Result: NOTE
    File ‘CompGLM/libs/CompGLM.so’:
     Found no calls to: ‘R_registerRoutines’, ‘R_useDynamicSymbols’
    
    It is good practice to register native routines and to disable symbol
    search.
    
    See ‘Writing portable packages’ in the ‘Writing R Extensions’ manual.
Flavors: r-devel-linux-x86_64-debian-clang, r-devel-linux-x86_64-debian-gcc, r-devel-linux-x86_64-fedora-clang, r-devel-linux-x86_64-fedora-gcc, r-patched-linux-x86_64, r-release-linux-x86_64