CRAN Package Check Results for Package CompRandFld

Last updated on 2019-10-16 22:55:54 CEST.

Flavor Version Tinstall Tcheck Ttotal Status Flags
r-devel-linux-x86_64-debian-clang 1.0.3-5 18.30 84.26 102.56 WARN
r-devel-linux-x86_64-debian-gcc 1.0.3-5 15.34 65.30 80.64 OK
r-devel-linux-x86_64-fedora-clang 1.0.3-5 131.11 WARN
r-devel-linux-x86_64-fedora-gcc 1.0.3-5 124.23 OK
r-devel-windows-ix86+x86_64 1.0.3-5 55.00 183.00 238.00 OK
r-patched-linux-x86_64 1.0.3-5 16.27 82.77 99.04 OK
r-patched-solaris-x86 1.0.3-5 177.10 OK
r-release-linux-x86_64 1.0.3-5 16.28 82.77 99.05 OK
r-release-windows-ix86+x86_64 1.0.3-5 39.00 135.00 174.00 OK
r-release-osx-x86_64 1.0.3-5 WARN
r-oldrel-windows-ix86+x86_64 1.0.3-5 31.00 122.00 153.00 OK
r-oldrel-osx-x86_64 1.0.3-5 WARN

Check Details

Version: 1.0.3-5
Check: whether package can be installed
Result: WARN
    Found the following significant warnings:
     Utility.c:162:8: warning: explicitly assigning value of variable of type 'int' to itself [-Wself-assign]
     Utility.c:187:8: warning: explicitly assigning value of variable of type 'int' to itself [-Wself-assign]
     Utility.c:211:8: warning: explicitly assigning value of variable of type 'int' to itself [-Wself-assign]
     Utility.c:392:8: warning: explicitly assigning value of variable of type 'int' to itself [-Wself-assign]
     Utility.c:417:8: warning: explicitly assigning value of variable of type 'int' to itself [-Wself-assign]
     Utility.c:442:8: warning: explicitly assigning value of variable of type 'int' to itself [-Wself-assign]
Flavors: r-devel-linux-x86_64-debian-clang, r-devel-linux-x86_64-fedora-clang, r-release-osx-x86_64, r-oldrel-osx-x86_64