CRAN Package Check Results for Package CompRandFld

Last updated on 2019-07-16 07:50:40 CEST.

Flavor Version Tinstall Tcheck Ttotal Status Flags
r-devel-linux-x86_64-debian-clang 1.0.3-5 17.58 87.09 104.67 WARN
r-devel-linux-x86_64-debian-gcc 1.0.3-5 14.30 67.24 81.54 OK
r-devel-linux-x86_64-fedora-clang 1.0.3-5 121.30 WARN
r-devel-linux-x86_64-fedora-gcc 1.0.3-5 123.48 OK
r-devel-windows-ix86+x86_64 1.0.3-5 53.00 188.00 241.00 OK
r-patched-linux-x86_64 1.0.3-5 16.76 86.41 103.17 OK
r-patched-solaris-x86 1.0.3-5 188.60 OK
r-release-linux-x86_64 1.0.3-5 17.87 85.82 103.69 OK
r-release-windows-ix86+x86_64 1.0.3-5 39.00 163.00 202.00 OK
r-release-osx-x86_64 1.0.3-5 WARN
r-oldrel-windows-ix86+x86_64 1.0.3-5 46.00 120.00 166.00 OK
r-oldrel-osx-x86_64 1.0.3-5 WARN

Check Details

Version: 1.0.3-5
Check: whether package can be installed
Result: WARN
    Found the following significant warnings:
     Utility.c:162:8: warning: explicitly assigning value of variable of type 'int' to itself [-Wself-assign]
     Utility.c:187:8: warning: explicitly assigning value of variable of type 'int' to itself [-Wself-assign]
     Utility.c:211:8: warning: explicitly assigning value of variable of type 'int' to itself [-Wself-assign]
     Utility.c:392:8: warning: explicitly assigning value of variable of type 'int' to itself [-Wself-assign]
     Utility.c:417:8: warning: explicitly assigning value of variable of type 'int' to itself [-Wself-assign]
     Utility.c:442:8: warning: explicitly assigning value of variable of type 'int' to itself [-Wself-assign]
Flavors: r-devel-linux-x86_64-debian-clang, r-devel-linux-x86_64-fedora-clang, r-release-osx-x86_64, r-oldrel-osx-x86_64