CRAN Package Check Results for Package Compounding

Last updated on 2018-09-23 22:46:51 CEST.

Flavor Version Tinstall Tcheck Ttotal Status Flags
r-devel-linux-x86_64-debian-clang 1.0.2 4.54 33.20 37.74 NOTE
r-devel-linux-x86_64-debian-gcc 1.0.2 3.35 26.68 30.03 NOTE
r-devel-linux-x86_64-fedora-clang 1.0.2 43.46 NOTE
r-devel-linux-x86_64-fedora-gcc 1.0.2 41.80 NOTE
r-devel-windows-ix86+x86_64 1.0.2 12.00 50.00 62.00 NOTE
r-patched-linux-x86_64 1.0.2 3.66 31.13 34.79 NOTE
r-patched-solaris-x86 1.0.2 57.60 NOTE
r-release-linux-x86_64 1.0.2 3.28 31.86 35.14 NOTE
r-release-windows-ix86+x86_64 1.0.2 7.00 63.00 70.00 NOTE
r-release-osx-x86_64 1.0.2 NOTE
r-oldrel-windows-ix86+x86_64 1.0.2 5.00 60.00 65.00 NOTE
r-oldrel-osx-x86_64 1.0.2 NOTE

Check Details

Version: 1.0.2
Check: DESCRIPTION meta-information
Result: NOTE
    Malformed Description field: should contain one or more complete sentences.
Flavors: r-devel-linux-x86_64-debian-clang, r-devel-linux-x86_64-debian-gcc, r-devel-linux-x86_64-fedora-clang, r-devel-linux-x86_64-fedora-gcc, r-devel-windows-ix86+x86_64, r-patched-linux-x86_64, r-patched-solaris-x86, r-release-linux-x86_64, r-release-windows-ix86+x86_64, r-release-osx-x86_64, r-oldrel-windows-ix86+x86_64, r-oldrel-osx-x86_64

Version: 1.0.2
Check: dependencies in R code
Result: NOTE
    'library' or 'require' call to ‘hypergeo’ which was already attached by Depends.
     Please remove these calls from your code.
Flavors: r-devel-linux-x86_64-debian-clang, r-devel-linux-x86_64-debian-gcc, r-devel-linux-x86_64-fedora-clang, r-devel-linux-x86_64-fedora-gcc, r-devel-windows-ix86+x86_64, r-patched-linux-x86_64, r-patched-solaris-x86, r-release-linux-x86_64, r-release-windows-ix86+x86_64, r-release-osx-x86_64, r-oldrel-windows-ix86+x86_64, r-oldrel-osx-x86_64

Version: 1.0.2
Check: R code for possible problems
Result: NOTE
    momentCompound: no visible global function definition for ‘integrate’
    pgfIhypergeometric: no visible global function definition for ‘uniroot’
    pgfIhyperpoisson: no visible global function definition for ‘uniroot’
    pgfIkattitypeh1: no visible global function definition for ‘uniroot’
    pgfIkattitypeh2: no visible global function definition for ‘uniroot’
    pgfIneymantypeb: no visible global function definition for ‘uniroot’
    pgfIneymantypec: no visible global function definition for ‘uniroot’
    pgfIpoissonlindley: no visible global function definition for ‘uniroot’
    pgfIthomas: no visible global function definition for ‘uniroot’
    pgfIwaring: no visible global function definition for ‘uniroot’
    pgfIyule: no visible global function definition for ‘uniroot’
    rCompound: no visible global function definition for ‘runif’
    Undefined global functions or variables:
     integrate runif uniroot
    Consider adding
     importFrom("stats", "integrate", "runif", "uniroot")
    to your NAMESPACE file.
Flavors: r-devel-linux-x86_64-debian-clang, r-devel-linux-x86_64-debian-gcc, r-devel-linux-x86_64-fedora-clang, r-devel-linux-x86_64-fedora-gcc, r-devel-windows-ix86+x86_64, r-patched-linux-x86_64, r-patched-solaris-x86, r-release-linux-x86_64, r-release-windows-ix86+x86_64, r-release-osx-x86_64, r-oldrel-windows-ix86+x86_64, r-oldrel-osx-x86_64