Last updated on 2024-05-03 22:53:09 CEST.
Flavor | Version | Tinstall | Tcheck | Ttotal | Status | Flags |
---|---|---|---|---|---|---|
r-devel-linux-x86_64-debian-clang | 1.0.3 | 7.53 | 295.46 | 302.99 | OK | |
r-devel-linux-x86_64-fedora-clang | 1.0.3 | 421.81 | OK | |||
r-devel-linux-x86_64-fedora-gcc | 1.0.3 | 424.77 | OK | |||
r-devel-windows-x86_64 | 1.0.3 | 9.00 | 966.00 | 975.00 | OK | |
r-patched-linux-x86_64 | 1.0.3 | 7.60 | 284.98 | 292.58 | OK | |
r-release-linux-x86_64 | 1.0.3 | 7.74 | 287.10 | 294.84 | OK | |
r-release-macos-arm64 | 1.0.3 | 135.00 | OK | |||
r-release-macos-x86_64 | 1.0.3 | 262.00 | OK | |||
r-release-windows-x86_64 | 1.0.3 | 8.00 | 900.00 | 908.00 | ERROR | |
r-oldrel-macos-arm64 | 1.0.3 | 142.00 | OK | |||
r-oldrel-macos-x86_64 | 1.0.3 | 244.00 | OK | |||
r-oldrel-windows-x86_64 | 1.0.3 | 10.00 | 723.00 | 733.00 | OK |
Version: 1.0.3
Check: re-building of vignette outputs
Result: ERROR
Error(s) in re-building vignettes:
--- re-building 'Compare-methods.Rmd' using rmarkdown
Could not fetch https://raw.githubusercontent.com/citation-style-language/styles/master/dependent/biology-letters.csl
HttpExceptionRequest Request {
host = "raw.githubusercontent.com"
port = 443
secure = True
requestHeaders = []
path = "/citation-style-language/styles/master/dependent/biology-letters.csl"
queryString = ""
method = "GET"
proxy = Nothing
rawBody = False
redirectCount = 10
responseTimeout = ResponseTimeoutDefault
requestVersion = HTTP/1.1
proxySecureMode = ProxySecureWithConnect
}
(InternalException (HandshakeFailed (Error_Misc "Network.Socket.recvBuf: invalid argument (Invalid argument)")))
Error: processing vignette 'Compare-methods.Rmd' failed with diagnostics:
pandoc document conversion failed with error 61
--- failed re-building 'Compare-methods.Rmd'
--- re-building 'Compare-node-supports.Rmd' using rmarkdown
Could not fetch https://raw.githubusercontent.com/citation-style-language/styles/master/dependent/biology-letters.csl
HttpExceptionRequest Request {
host = "raw.githubusercontent.com"
port = 443
secure = True
requestHeaders = []
path = "/citation-style-language/styles/master/dependent/biology-letters.csl"
queryString = ""
method = "GET"
proxy = Nothing
rawBody = False
redirectCount = 10
responseTimeout = ResponseTimeoutDefault
requestVersion = HTTP/1.1
proxySecureMode = ProxySecureWithConnect
}
(InternalException (HandshakeFailed (Error_Misc "Network.Socket.recvBuf: invalid argument (Invalid argument)")))
Error: processing vignette 'Compare-node-supports.Rmd' failed with diagnostics:
pandoc document conversion failed with error 61
--- failed re-building 'Compare-node-supports.Rmd'
--- re-building 'Conduct-analyses.Rmd' using rmarkdown
Could not fetch https://raw.githubusercontent.com/citation-style-language/styles/master/dependent/biology-letters.csl
HttpExceptionRequest Request {
host = "raw.githubusercontent.com"
port = 443
secure = True
requestHeaders = []
path = "/citation-style-language/styles/master/dependent/biology-letters.csl"
queryString = ""
method = "GET"
proxy = Nothing
rawBody = False
redirectCount = 10
responseTimeout = ResponseTimeoutDefault
requestVersion = HTTP/1.1
proxySecureMode = ProxySecureWithConnect
}
(InternalException (HandshakeFailed (Error_Misc "Network.Socket.recvBuf: invalid argument (Invalid argument)")))
Error: processing vignette 'Conduct-analyses.Rmd' failed with diagnostics:
pandoc document conversion failed with error 61
--- failed re-building 'Conduct-analyses.Rmd'
SUMMARY: processing the following files failed:
'Compare-methods.Rmd' 'Compare-node-supports.Rmd'
'Conduct-analyses.Rmd'
Error: Vignette re-building failed.
Execution halted
Flavor: r-release-windows-x86_64