CRAN Package Check Results for Package ConsRank

Last updated on 2019-07-20 22:47:59 CEST.

Flavor Version Tinstall Tcheck Ttotal Status Flags
r-devel-linux-x86_64-debian-clang 2.0.1 5.03 65.92 70.95 OK
r-devel-linux-x86_64-debian-gcc 2.0.1 4.05 49.69 53.74 OK
r-devel-linux-x86_64-fedora-clang 2.0.1 80.76 OK
r-devel-linux-x86_64-fedora-gcc 2.0.1 81.64 OK
r-devel-windows-ix86+x86_64 2.0.1 13.00 135.00 148.00 OK
r-patched-linux-x86_64 2.0.1 4.74 64.78 69.52 OK
r-patched-solaris-x86 2.0.1 117.20 OK
r-release-linux-x86_64 2.0.1 5.21 66.13 71.34 OK
r-release-windows-ix86+x86_64 2.0.1 12.00 77.00 89.00 OK
r-release-osx-x86_64 2.0.1 WARN
r-oldrel-windows-ix86+x86_64 2.0.1 10.00 108.00 118.00 OK
r-oldrel-osx-x86_64 2.0.1 OK

Check Details

Version: 2.0.1
Check: whether package can be installed
Result: WARN
    Found the following significant warnings:
     Warning: 'rgl_init' failed, running with rgl.useNULL = TRUE
Flavor: r-release-osx-x86_64