CRAN Package Check Results for Package ConsRank

Last updated on 2019-11-18 22:47:08 CET.

Flavor Version Tinstall Tcheck Ttotal Status Flags
r-devel-linux-x86_64-debian-clang 2.0.1 5.34 69.61 74.95 OK
r-devel-linux-x86_64-debian-gcc 2.0.1 5.04 53.04 58.08 OK
r-devel-linux-x86_64-fedora-clang 2.0.1 89.49 OK
r-devel-linux-x86_64-fedora-gcc 2.0.1 93.96 OK
r-devel-windows-ix86+x86_64 2.0.1 25.00 88.00 113.00 OK
r-patched-linux-x86_64 2.0.1 5.23 65.34 70.57 OK
r-patched-solaris-x86 2.0.1 129.30 OK
r-release-linux-x86_64 2.0.1 5.22 67.47 72.69 OK
r-release-windows-ix86+x86_64 2.0.1 14.00 112.00 126.00 OK
r-release-osx-x86_64 2.0.1 WARN
r-oldrel-windows-ix86+x86_64 2.0.1 7.00 119.00 126.00 OK
r-oldrel-osx-x86_64 2.0.1 OK

Check Details

Version: 2.0.1
Check: whether package can be installed
Result: WARN
    Found the following significant warnings:
     Warning: 'rgl_init' failed, running with rgl.useNULL = TRUE
Flavor: r-release-osx-x86_64