CRAN Package Check Results for Package CoopGame

Last updated on 2019-07-20 22:47:59 CEST.

Flavor Version Tinstall Tcheck Ttotal Status Flags
r-devel-linux-x86_64-debian-clang 0.2.1 7.81 93.48 101.29 OK
r-devel-linux-x86_64-debian-gcc 0.2.1 6.52 72.63 79.15 OK
r-devel-linux-x86_64-fedora-clang 0.2.1 125.91 OK
r-devel-linux-x86_64-fedora-gcc 0.2.1 124.45 OK
r-devel-windows-ix86+x86_64 0.2.1 18.00 117.00 135.00 OK
r-patched-linux-x86_64 0.2.1 8.72 93.07 101.79 OK
r-patched-solaris-x86 0.2.1 155.00 OK
r-release-linux-x86_64 0.2.1 7.60 92.95 100.55 OK
r-release-windows-ix86+x86_64 0.2.1 17.00 116.00 133.00 OK
r-release-osx-x86_64 0.2.1 WARN
r-oldrel-windows-ix86+x86_64 0.2.1 20.00 157.00 177.00 OK
r-oldrel-osx-x86_64 0.2.1 OK

Check Details

Version: 0.2.1
Check: whether package can be installed
Result: WARN
    Found the following significant warnings:
     Warning: 'rgl_init' failed, running with rgl.useNULL = TRUE
Flavor: r-release-osx-x86_64