Last updated on 2024-04-19 22:55:41 CEST.
Flavor | Version | Tinstall | Tcheck | Ttotal | Status | Flags |
---|---|---|---|---|---|---|
r-devel-linux-x86_64-debian-clang | 2.0.2 | 5.39 | 78.01 | 83.40 | NOTE | |
r-devel-linux-x86_64-debian-gcc | 2.0.2 | NOTE | ||||
r-devel-linux-x86_64-fedora-clang | 2.0.2 | 109.82 | NOTE | |||
r-devel-linux-x86_64-fedora-gcc | 2.0.2 | 112.51 | NOTE | |||
r-prerel-macos-arm64 | 2.0.2 | 46.00 | NOTE | |||
r-prerel-windows-x86_64 | 2.0.2 | 5.00 | 83.00 | 88.00 | NOTE | |
r-patched-linux-x86_64 | 2.0.2 | 7.85 | 73.94 | 81.79 | NOTE | |
r-release-linux-x86_64 | 2.0.2 | 3.93 | 74.92 | 78.85 | OK | |
r-release-macos-arm64 | 2.0.2 | 46.00 | OK | |||
r-release-macos-x86_64 | 2.0.2 | 65.00 | OK | |||
r-release-windows-x86_64 | 2.0.2 | 6.00 | 95.00 | 101.00 | OK | |
r-oldrel-macos-arm64 | 2.0.2 | 29.00 | OK | |||
r-oldrel-windows-x86_64 | 2.0.2 | 7.00 | 95.00 | 102.00 | OK |
Version: 2.0.2
Check: Rd files
Result: NOTE
checkRd: (-1) carstats.Rd:11: Lost braces in \itemize; meant \describe ?
checkRd: (-1) carstats.Rd:12: Lost braces in \itemize; meant \describe ?
checkRd: (-1) carstats.Rd:13: Lost braces in \itemize; meant \describe ?
checkRd: (-1) carstats.Rd:14: Lost braces in \itemize; meant \describe ?
checkRd: (-1) carstats.Rd:15: Lost braces in \itemize; meant \describe ?
checkRd: (-1) carstats.Rd:16: Lost braces in \itemize; meant \describe ?
checkRd: (-1) carstats.Rd:17: Lost braces in \itemize; meant \describe ?
checkRd: (-1) carstats.Rd:18: Lost braces in \itemize; meant \describe ?
checkRd: (-1) carstats.Rd:19: Lost braces in \itemize; meant \describe ?
checkRd: (-1) titanic.Rd:11: Lost braces in \itemize; meant \describe ?
checkRd: (-1) titanic.Rd:12: Lost braces in \itemize; meant \describe ?
checkRd: (-1) titanic.Rd:13: Lost braces in \itemize; meant \describe ?
checkRd: (-1) titanic.Rd:14: Lost braces in \itemize; meant \describe ?
Flavors: r-devel-linux-x86_64-debian-clang, r-devel-linux-x86_64-debian-gcc, r-devel-linux-x86_64-fedora-clang, r-devel-linux-x86_64-fedora-gcc, r-prerel-macos-arm64, r-prerel-windows-x86_64, r-patched-linux-x86_64