Last updated on 2024-04-18 22:52:35 CEST.
Flavor | Version | Tinstall | Tcheck | Ttotal | Status | Flags |
---|---|---|---|---|---|---|
r-devel-linux-x86_64-debian-clang | 1.1 | 1.57 | 21.47 | 23.04 | OK | |
r-devel-linux-x86_64-debian-gcc | 1.1 | 1.68 | 16.28 | 17.96 | OK | |
r-devel-linux-x86_64-fedora-clang | 1.1 | 29.74 | OK | |||
r-devel-linux-x86_64-fedora-gcc | 1.1 | 27.72 | OK | |||
r-prerel-macos-arm64 | 1.1 | 14.00 | NOTE | |||
r-prerel-windows-x86_64 | 1.1 | 2.00 | 38.00 | 40.00 | OK | |
r-patched-linux-x86_64 | 1.1 | 2.10 | 20.05 | 22.15 | OK | |
r-release-linux-x86_64 | 1.1 | 1.49 | 20.58 | 22.07 | OK | |
r-release-macos-arm64 | 1.1 | 14.00 | NOTE | |||
r-release-macos-x86_64 | 1.1 | 19.00 | NOTE | |||
r-release-windows-x86_64 | 1.1 | 2.00 | 37.00 | 39.00 | OK | |
r-oldrel-macos-arm64 | 1.1 | 17.00 | NOTE | |||
r-oldrel-windows-x86_64 | 1.1 | 3.00 | 42.00 | 45.00 | OK |
Version: 1.1
Check: package dependencies
Result: NOTE
Package suggested but not available for checking: ‘ProData’
Flavors: r-prerel-macos-arm64, r-release-macos-arm64, r-release-macos-x86_64, r-oldrel-macos-arm64