CRAN Package Check Results for Package CosmoPhotoz

Last updated on 2018-06-19 22:53:47 CEST.

Flavor Version Tinstall Tcheck Ttotal Status Flags
r-devel-linux-x86_64-debian-clang 0.1 7.81 79.59 87.40 NOTE
r-devel-linux-x86_64-debian-gcc 0.1 6.59 62.95 69.54 NOTE
r-devel-linux-x86_64-fedora-clang 0.1 98.66 NOTE
r-devel-linux-x86_64-fedora-gcc 0.1 96.40 NOTE
r-devel-windows-ix86+x86_64 0.1 17.00 110.00 127.00 NOTE
r-patched-linux-x86_64 0.1 7.06 65.83 72.89 NOTE
r-patched-solaris-x86 0.1 130.40 NOTE
r-release-linux-x86_64 0.1 5.33 64.87 70.20 NOTE
r-release-windows-ix86+x86_64 0.1 12.00 71.00 83.00 NOTE
r-release-osx-x86_64 0.1 NOTE
r-oldrel-windows-ix86+x86_64 0.1 12.00 111.00 123.00 NOTE
r-oldrel-osx-x86_64 0.1 NOTE

Check Details

Version: 0.1
Check: R code for possible problems
Result: NOTE
    CosmoPhotoZestimator: no visible global function definition for
     ‘predict’
    computeCombPCA: no visible global function definition for ‘prcomp’
    computeDiagPhotoZ: no visible global function definition for ‘sd’
    computeDiagPhotoZ: no visible global function definition for ‘median’
    computeDiagPhotoZ: no visible global function definition for ‘mad’
    glmPredictPhotoZ: no visible global function definition for ‘predict’
    glmTrainPhotoZ: no visible global function definition for ‘glm’
    glmTrainPhotoZ: no visible global function definition for ‘Gamma’
    glmTrainPhotoZ: no visible global function definition for
     ‘inverse.gaussian’
    plotDiagPhotoZ: no visible global function definition for ‘median’
    plotDiagPhotoZ: no visible global function definition for ‘mad’
    Undefined global functions or variables:
     Gamma glm inverse.gaussian mad median prcomp predict sd
    Consider adding
     importFrom("stats", "Gamma", "glm", "inverse.gaussian", "mad",
     "median", "prcomp", "predict", "sd")
    to your NAMESPACE file.
Flavors: r-devel-linux-x86_64-debian-clang, r-devel-linux-x86_64-debian-gcc, r-devel-linux-x86_64-fedora-clang, r-devel-linux-x86_64-fedora-gcc, r-devel-windows-ix86+x86_64, r-patched-linux-x86_64, r-patched-solaris-x86, r-release-linux-x86_64, r-release-windows-ix86+x86_64, r-release-osx-x86_64, r-oldrel-windows-ix86+x86_64, r-oldrel-osx-x86_64