CRAN Package Check Results for Package CosmoPhotoz

Last updated on 2018-02-24 22:47:22 CET.

Flavor Version Tinstall Tcheck Ttotal Status Flags
r-devel-linux-x86_64-debian-clang 0.1 5.13 63.83 68.96 NOTE
r-devel-linux-x86_64-debian-gcc 0.1 4.83 50.95 55.78 NOTE
r-devel-linux-x86_64-fedora-clang 0.1 83.31 NOTE
r-devel-linux-x86_64-fedora-gcc 0.1 87.45 NOTE
r-devel-windows-ix86+x86_64 0.1 15.00 95.00 110.00 NOTE
r-patched-linux-x86_64 0.1 6.34 66.94 73.28 NOTE
r-patched-solaris-x86 0.1 134.90 NOTE
r-release-linux-x86_64 0.1 5.64 65.37 71.01 NOTE
r-release-windows-ix86+x86_64 0.1 15.00 112.00 127.00 NOTE
r-release-osx-x86_64 0.1 NOTE
r-oldrel-windows-ix86+x86_64 0.1 10.00 76.00 86.00 NOTE
r-oldrel-osx-x86_64 0.1 NOTE

Check Details

Version: 0.1
Check: R code for possible problems
Result: NOTE
    CosmoPhotoZestimator: no visible global function definition for
     ‘predict’
    computeCombPCA: no visible global function definition for ‘prcomp’
    computeDiagPhotoZ: no visible global function definition for ‘sd’
    computeDiagPhotoZ: no visible global function definition for ‘median’
    computeDiagPhotoZ: no visible global function definition for ‘mad’
    glmPredictPhotoZ: no visible global function definition for ‘predict’
    glmTrainPhotoZ: no visible global function definition for ‘glm’
    glmTrainPhotoZ: no visible global function definition for ‘Gamma’
    glmTrainPhotoZ: no visible global function definition for
     ‘inverse.gaussian’
    plotDiagPhotoZ: no visible global function definition for ‘median’
    plotDiagPhotoZ: no visible global function definition for ‘mad’
    Undefined global functions or variables:
     Gamma glm inverse.gaussian mad median prcomp predict sd
    Consider adding
     importFrom("stats", "Gamma", "glm", "inverse.gaussian", "mad",
     "median", "prcomp", "predict", "sd")
    to your NAMESPACE file.
Flavors: r-devel-linux-x86_64-debian-clang, r-devel-linux-x86_64-debian-gcc, r-devel-linux-x86_64-fedora-clang, r-devel-linux-x86_64-fedora-gcc, r-devel-windows-ix86+x86_64, r-patched-linux-x86_64, r-patched-solaris-x86, r-release-linux-x86_64, r-release-windows-ix86+x86_64, r-release-osx-x86_64, r-oldrel-windows-ix86+x86_64, r-oldrel-osx-x86_64