CRAN Package Check Results for Package CosmoPhotoz

Last updated on 2017-11-22 22:57:05 CET.

Flavor Version Tinstall Tcheck Ttotal Status Flags
r-devel-linux-x86_64-debian-clang 0.1 3.20 37.17 40.38 NOTE
r-devel-linux-x86_64-debian-gcc 0.1 4.52 89.46 93.98 NOTE
r-devel-linux-x86_64-fedora-clang 0.1 74.46 NOTE
r-devel-linux-x86_64-fedora-gcc 0.1 127.61 NOTE
r-devel-windows-ix86+x86_64 0.1 10.00 81.00 91.00 NOTE
r-patched-linux-x86_64 0.1 3.60 41.61 45.21 NOTE
r-patched-solaris-x86 0.1 138.50 NOTE
r-release-linux-x86_64 0.1 3.66 41.60 45.26 NOTE
r-release-windows-ix86+x86_64 0.1 11.00 77.00 88.00 NOTE
r-release-osx-x86_64 0.1 NOTE
r-oldrel-windows-ix86+x86_64 0.1 10.00 74.00 84.00 NOTE
r-oldrel-osx-x86_64 0.1 NOTE

Check Details

Version: 0.1
Check: R code for possible problems
Result: NOTE
    CosmoPhotoZestimator: no visible global function definition for
     ‘predict’
    computeCombPCA: no visible global function definition for ‘prcomp’
    computeDiagPhotoZ: no visible global function definition for ‘sd’
    computeDiagPhotoZ: no visible global function definition for ‘median’
    computeDiagPhotoZ: no visible global function definition for ‘mad’
    glmPredictPhotoZ: no visible global function definition for ‘predict’
    glmTrainPhotoZ: no visible global function definition for ‘glm’
    glmTrainPhotoZ: no visible global function definition for ‘Gamma’
    glmTrainPhotoZ: no visible global function definition for
     ‘inverse.gaussian’
    plotDiagPhotoZ: no visible global function definition for ‘median’
    plotDiagPhotoZ: no visible global function definition for ‘mad’
    Undefined global functions or variables:
     Gamma glm inverse.gaussian mad median prcomp predict sd
    Consider adding
     importFrom("stats", "Gamma", "glm", "inverse.gaussian", "mad",
     "median", "prcomp", "predict", "sd")
    to your NAMESPACE file.
Flavors: r-devel-linux-x86_64-debian-clang, r-devel-linux-x86_64-debian-gcc, r-devel-linux-x86_64-fedora-clang, r-devel-linux-x86_64-fedora-gcc, r-devel-windows-ix86+x86_64, r-patched-linux-x86_64, r-patched-solaris-x86, r-release-linux-x86_64, r-release-windows-ix86+x86_64, r-release-osx-x86_64, r-oldrel-windows-ix86+x86_64, r-oldrel-osx-x86_64