Last updated on 2024-04-18 22:52:36 CEST.
Flavor | Version | Tinstall | Tcheck | Ttotal | Status | Flags |
---|---|---|---|---|---|---|
r-devel-linux-x86_64-debian-clang | 3.1 | 8.76 | 92.81 | 101.57 | OK | |
r-devel-linux-x86_64-debian-gcc | 3.1 | 8.45 | 67.69 | 76.14 | OK | |
r-devel-linux-x86_64-fedora-clang | 3.1 | 128.44 | NOTE | |||
r-devel-linux-x86_64-fedora-gcc | 3.1 | 131.74 | OK | |||
r-prerel-macos-arm64 | 3.1 | 41.00 | OK | |||
r-prerel-windows-x86_64 | 3.1 | 10.00 | 88.00 | 98.00 | OK | |
r-patched-linux-x86_64 | 3.1 | 10.13 | 85.86 | 95.99 | OK | |
r-release-linux-x86_64 | 3.1 | 11.19 | 88.76 | 99.95 | OK | |
r-release-macos-arm64 | 3.1 | 46.00 | OK | |||
r-release-macos-x86_64 | 3.1 | 93.00 | OK | |||
r-release-windows-x86_64 | 3.1 | 14.00 | 101.00 | 115.00 | OK | |
r-oldrel-macos-arm64 | 3.1 | 40.00 | OK | |||
r-oldrel-windows-x86_64 | 3.1 | 14.00 | 105.00 | 119.00 | OK |
Version: 3.1
Check: Rd cross-references
Result: NOTE
Undeclared package ‘betareg’ in Rd xrefs
Flavor: r-devel-linux-x86_64-fedora-clang