CRAN Package Check Results for Package CoxICPen

Last updated on 2023-09-23 23:00:43 CEST.

Flavor Version Tinstall Tcheck Ttotal Status Flags
r-devel-linux-x86_64-debian-clang 1.1.0 5.25 35.13 40.38 NOTE
r-devel-linux-x86_64-debian-gcc 1.1.0 3.82 30.24 34.06 NOTE
r-devel-linux-x86_64-fedora-clang 1.1.0 51.04 NOTE
r-devel-linux-x86_64-fedora-gcc 1.1.0 51.33 NOTE
r-devel-windows-x86_64 1.1.0 6.00 49.00 55.00 NOTE
r-patched-linux-x86_64 1.1.0 4.90 35.14 40.04 NOTE
r-release-linux-x86_64 1.1.0 4.75 35.66 40.41 NOTE
r-release-macos-arm64 1.1.0 20.00 NOTE
r-release-macos-x86_64 1.1.0 27.00 NOTE
r-release-windows-x86_64 1.1.0 5.00 48.00 53.00 NOTE
r-oldrel-macos-arm64 1.1.0 19.00 NOTE
r-oldrel-macos-x86_64 1.1.0 25.00 NOTE
r-oldrel-windows-x86_64 1.1.0 6.00 55.00 61.00 NOTE

Check Details

Version: 1.1.0
Check: LazyData
Result: NOTE
     'LazyData' is specified without a 'data' directory
Flavors: r-devel-linux-x86_64-debian-clang, r-devel-linux-x86_64-debian-gcc, r-devel-linux-x86_64-fedora-clang, r-devel-linux-x86_64-fedora-gcc, r-devel-windows-x86_64, r-patched-linux-x86_64, r-release-linux-x86_64, r-release-macos-arm64, r-release-macos-x86_64, r-release-windows-x86_64, r-oldrel-macos-arm64, r-oldrel-macos-x86_64, r-oldrel-windows-x86_64