Last updated on 2024-04-18 22:52:36 CEST.
Flavor | Version | Tinstall | Tcheck | Ttotal | Status | Flags |
---|---|---|---|---|---|---|
r-devel-linux-x86_64-debian-clang | 1.1.1 | 50.95 | 31.81 | 82.76 | NOTE | |
r-devel-linux-x86_64-debian-gcc | 1.1.1 | 43.02 | 23.89 | 66.91 | NOTE | |
r-devel-linux-x86_64-fedora-clang | 1.1.1 | 113.12 | NOTE | |||
r-devel-linux-x86_64-fedora-gcc | 1.1.1 | 116.58 | NOTE | |||
r-prerel-macos-arm64 | 1.1.1 | 32.00 | NOTE | |||
r-prerel-windows-x86_64 | 1.1.1 | 39.00 | 73.00 | 112.00 | NOTE | |
r-patched-linux-x86_64 | 1.1.1 | 57.47 | 30.50 | 87.97 | NOTE | |
r-release-linux-x86_64 | 1.1.1 | 49.96 | 29.98 | 79.94 | NOTE | |
r-release-macos-arm64 | 1.1.1 | 33.00 | NOTE | |||
r-release-macos-x86_64 | 1.1.1 | 61.00 | NOTE | |||
r-release-windows-x86_64 | 1.1.1 | 41.00 | 73.00 | 114.00 | NOTE | |
r-oldrel-macos-arm64 | 1.1.1 | 35.00 | NOTE | |||
r-oldrel-windows-x86_64 | 1.1.1 | 46.00 | 81.00 | 127.00 | NOTE |
Version: 1.1.1
Check: C++ specification
Result: NOTE
Specified C++11: please drop specification unless essential
Flavors: r-devel-linux-x86_64-debian-clang, r-devel-linux-x86_64-debian-gcc, r-devel-linux-x86_64-fedora-clang, r-devel-linux-x86_64-fedora-gcc, r-prerel-macos-arm64, r-patched-linux-x86_64, r-release-linux-x86_64, r-release-macos-arm64, r-release-macos-x86_64
Version: 1.1.1
Check: LazyData
Result: NOTE
'LazyData' is specified without a 'data' directory
Flavors: r-devel-linux-x86_64-debian-clang, r-devel-linux-x86_64-debian-gcc, r-devel-linux-x86_64-fedora-clang, r-devel-linux-x86_64-fedora-gcc, r-prerel-macos-arm64, r-prerel-windows-x86_64, r-patched-linux-x86_64, r-release-linux-x86_64, r-release-macos-arm64, r-release-macos-x86_64, r-release-windows-x86_64, r-oldrel-macos-arm64, r-oldrel-windows-x86_64
Version: 1.1.1
Check: compiled code
Result: NOTE
File ‘CoxPlus/libs/CoxPlus.so’:
Found no calls to: ‘R_registerRoutines’, ‘R_useDynamicSymbols’
It is good practice to register native routines and to disable symbol
search.
See ‘Writing portable packages’ in the ‘Writing R Extensions’ manual.
Flavors: r-devel-linux-x86_64-fedora-clang, r-devel-linux-x86_64-fedora-gcc
Version: 1.1.1
Check: installed package size
Result: NOTE
installed size is 6.6Mb
sub-directories of 1Mb or more:
libs 6.5Mb
Flavors: r-prerel-macos-arm64, r-release-macos-arm64, r-release-macos-x86_64, r-oldrel-macos-arm64