Last updated on 2024-04-18 22:52:36 CEST.
Flavor | Version | Tinstall | Tcheck | Ttotal | Status | Flags |
---|---|---|---|---|---|---|
r-devel-linux-x86_64-debian-clang | 2.60 | 7.12 | 86.33 | 93.45 | NOTE | |
r-devel-linux-x86_64-debian-gcc | 2.60 | 5.46 | 69.13 | 74.59 | NOTE | |
r-devel-linux-x86_64-fedora-clang | 2.60 | 115.40 | NOTE | |||
r-devel-linux-x86_64-fedora-gcc | 2.60 | 126.25 | NOTE | |||
r-prerel-macos-arm64 | 2.60 | 48.00 | NOTE | |||
r-prerel-windows-x86_64 | 2.60 | 7.00 | 99.00 | 106.00 | NOTE | |
r-patched-linux-x86_64 | 2.60 | 6.04 | 83.93 | 89.97 | NOTE | |
r-release-linux-x86_64 | 2.60 | 6.14 | 87.57 | 93.71 | OK | |
r-release-macos-arm64 | 2.60 | 59.00 | OK | |||
r-release-macos-x86_64 | 2.60 | 86.00 | OK | |||
r-release-windows-x86_64 | 2.60 | 7.00 | 109.00 | 116.00 | OK | |
r-oldrel-macos-arm64 | 2.60 | 53.00 | OK | |||
r-oldrel-windows-x86_64 | 2.60 | 9.00 | 107.00 | 116.00 | OK |
Version: 2.60
Check: Rd files
Result: NOTE
checkRd: (-1) Sample.data.Rd:11: Lost braces in \itemize; meant \describe ?
checkRd: (-1) Sample.data.Rd:12: Lost braces in \itemize; meant \describe ?
checkRd: (-1) Sample.data.Rd:13: Lost braces in \itemize; meant \describe ?
checkRd: (-1) Sample.data.Rd:19: Lost braces in \itemize; meant \describe ?
checkRd: (-1) Sample.data.Rd:20: Lost braces in \itemize; meant \describe ?
checkRd: (-1) Sample.data.Rd:21: Lost braces in \itemize; meant \describe ?
Flavors: r-devel-linux-x86_64-debian-clang, r-devel-linux-x86_64-debian-gcc, r-devel-linux-x86_64-fedora-clang, r-devel-linux-x86_64-fedora-gcc, r-prerel-macos-arm64, r-prerel-windows-x86_64, r-patched-linux-x86_64