Last updated on 2024-04-17 22:59:49 CEST.
Flavor | Version | Tinstall | Tcheck | Ttotal | Status | Flags |
---|---|---|---|---|---|---|
r-devel-linux-x86_64-debian-clang | 3.4.0 | 229.36 | 134.65 | 364.01 | OK | |
r-devel-linux-x86_64-debian-gcc | 3.4.0 | 207.66 | 102.48 | 310.14 | OK | |
r-devel-linux-x86_64-fedora-clang | 3.4.0 | 543.78 | NOTE | |||
r-devel-linux-x86_64-fedora-gcc | 3.4.0 | 563.11 | OK | |||
r-prerel-macos-arm64 | 3.4.0 | 127.00 | NOTE | |||
r-prerel-windows-x86_64 | 3.4.0 | 197.00 | 206.00 | 403.00 | WARN | |
r-patched-linux-x86_64 | 3.4.0 | 250.11 | 130.87 | 380.98 | OK | |
r-release-linux-x86_64 | 3.4.0 | 177.20 | 132.25 | 309.45 | OK | |
r-release-macos-arm64 | 3.4.0 | 138.00 | NOTE | |||
r-release-macos-x86_64 | 3.4.0 | 197.00 | NOTE | |||
r-release-windows-x86_64 | 3.4.0 | 259.00 | 191.00 | 450.00 | OK | |
r-oldrel-macos-arm64 | 3.4.0 | 122.00 | NOTE | |||
r-oldrel-windows-x86_64 | 3.4.0 | 217.00 | 183.00 | 400.00 | OK |
Version: 3.4.0
Check: installed package size
Result: NOTE
installed size is 6.7Mb
sub-directories of 1Mb or more:
libs 5.9Mb
Flavors: r-devel-linux-x86_64-fedora-clang, r-prerel-macos-arm64, r-release-macos-arm64, r-release-macos-x86_64, r-oldrel-macos-arm64
Version: 3.4.0
Check: for unstated dependencies in ‘tests’
Result: WARN
Warning: unable to access index for repository https://CRAN.R-project.org/src/contrib:
cannot open URL 'https://CRAN.R-project.org/src/contrib/PACKAGES'
Warning: unable to access index for repository https://bioconductor.org/packages/3.19/bioc/src/contrib:
cannot open URL 'https://bioconductor.org/packages/3.19/bioc/src/contrib/PACKAGES'
Warning: unable to access index for repository https://bioconductor.org/packages/3.19/data/annotation/src/contrib:
cannot open URL 'https://bioconductor.org/packages/3.19/data/annotation/src/contrib/PACKAGES'
Warning: unable to access index for repository https://bioconductor.org/packages/3.19/data/experiment/src/contrib:
cannot open URL 'https://bioconductor.org/packages/3.19/data/experiment/src/contrib/PACKAGES'
Flavor: r-prerel-windows-x86_64