CRAN Package Check Results for Package DCEM

Last updated on 2019-06-18 22:50:05 CEST.

Flavor Version Tinstall Tcheck Ttotal Status Flags
r-devel-linux-x86_64-debian-clang 0.0.2 1.72 19.55 21.27 OK
r-devel-linux-x86_64-debian-gcc 0.0.2 1.49 15.99 17.48 OK
r-devel-linux-x86_64-fedora-clang 0.0.2 26.25 NOTE
r-devel-linux-x86_64-fedora-gcc 0.0.2 25.36 NOTE
r-devel-windows-ix86+x86_64 0.0.2 6.00 42.00 48.00 OK
r-patched-linux-x86_64 0.0.2 1.84 19.61 21.45 OK
r-patched-solaris-x86 0.0.2 41.80 NOTE
r-release-linux-x86_64 0.0.2 1.84 20.11 21.95 OK
r-release-windows-ix86+x86_64 0.0.2 8.00 40.00 48.00 OK
r-release-osx-x86_64 0.0.2 NOTE
r-oldrel-windows-ix86+x86_64 0.0.2 4.00 50.00 54.00 OK
r-oldrel-osx-x86_64 0.0.2 NOTE

Check Details

Version: 0.0.2
Check: dependencies in R code
Result: NOTE
    Namespace in Imports field not imported from: ‘MASS’
     All declared Imports should be used.
Flavors: r-devel-linux-x86_64-fedora-clang, r-devel-linux-x86_64-fedora-gcc, r-patched-solaris-x86, r-release-osx-x86_64, r-oldrel-osx-x86_64