Last updated on 2023-12-07 21:55:44 CET.
Flavor | Version | Tinstall | Tcheck | Ttotal | Status | Flags |
---|---|---|---|---|---|---|
r-devel-linux-x86_64-debian-clang | 0.5.3 | 423.52 | 152.15 | 575.67 | NOTE | |
r-devel-linux-x86_64-debian-gcc | 0.5.3 | 291.35 | 125.26 | 416.61 | NOTE | |
r-devel-linux-x86_64-fedora-clang | 0.5.3 | 668.57 | NOTE | |||
r-devel-linux-x86_64-fedora-gcc | 0.5.3 | 797.96 | NOTE | |||
r-devel-windows-x86_64 | 0.5.3 | 261.00 | 144.00 | 405.00 | NOTE | |
r-patched-linux-x86_64 | 0.5.3 | 273.36 | 162.22 | 435.58 | NOTE | |
r-release-linux-x86_64 | 0.5.3 | 0.01 | 1.93 | 1.94 | ERROR | |
r-release-macos-arm64 | 0.5.3 | 174.00 | NOTE | |||
r-release-macos-x86_64 | 0.5.3 | 283.00 | NOTE | |||
r-release-windows-x86_64 | 0.5.3 | 339.00 | 181.00 | 520.00 | NOTE | |
r-oldrel-macos-arm64 | 0.5.3 | 160.00 | NOTE | |||
r-oldrel-macos-x86_64 | 0.5.3 | 273.00 | NOTE | |||
r-oldrel-windows-x86_64 | 0.5.3 | 321.00 | 179.00 | 500.00 | NOTE |
Version: 0.5.3
Check: for GNU extensions in Makefiles
Result: NOTE
GNU make is a SystemRequirements.
Flavors: r-devel-linux-x86_64-debian-clang, r-devel-linux-x86_64-debian-gcc, r-devel-linux-x86_64-fedora-clang, r-devel-linux-x86_64-fedora-gcc, r-devel-windows-x86_64, r-patched-linux-x86_64, r-release-macos-arm64, r-release-macos-x86_64, r-release-windows-x86_64, r-oldrel-macos-arm64, r-oldrel-macos-x86_64, r-oldrel-windows-x86_64
Version: 0.5.3
Check: data for non-ASCII characters
Result: NOTE
Note: found 38 marked UTF-8 strings
Flavors: r-devel-linux-x86_64-fedora-clang, r-devel-linux-x86_64-fedora-gcc, r-oldrel-macos-arm64, r-oldrel-macos-x86_64
Version: 0.5.3
Check: whether package can be installed
Result: ERROR
Installation failed.
Flavor: r-release-linux-x86_64
Version: 0.5.3
Check: installed package size
Result: NOTE
installed size is 53.3Mb
sub-directories of 1Mb or more:
libs 52.8Mb
Flavors: r-release-macos-arm64, r-release-macos-x86_64, r-oldrel-macos-arm64, r-oldrel-macos-x86_64