Last updated on 2023-09-28 23:08:43 CEST.
Flavor | Version | Tinstall | Tcheck | Ttotal | Status | Flags |
---|---|---|---|---|---|---|
r-devel-linux-x86_64-debian-clang | 1.1.2 | 191.72 | 300.47 | 492.19 | NOTE | |
r-devel-linux-x86_64-debian-gcc | 1.1.2 | 142.24 | 248.48 | 390.72 | NOTE | |
r-devel-linux-x86_64-fedora-clang | 1.1.2 | 711.18 | NOTE | |||
r-devel-linux-x86_64-fedora-gcc | 1.1.2 | 713.07 | NOTE | |||
r-devel-windows-x86_64 | 1.1.2 | 152.00 | 278.00 | 430.00 | NOTE | |
r-patched-linux-x86_64 | 1.1.2 | 164.60 | 309.47 | 474.07 | NOTE | |
r-release-linux-x86_64 | 1.1.2 | 199.20 | 299.32 | 498.52 | NOTE | |
r-release-macos-arm64 | 1.1.2 | 180.00 | NOTE | |||
r-release-macos-x86_64 | 1.1.2 | 337.00 | NOTE | |||
r-release-windows-x86_64 | 1.1.2 | 208.00 | 335.00 | 543.00 | NOTE | |
r-oldrel-macos-arm64 | 1.1.2 | 155.00 | NOTE | |||
r-oldrel-macos-x86_64 | 1.1.2 | 234.00 | NOTE | |||
r-oldrel-windows-x86_64 | 1.1.2 | 200.00 | 329.00 | 529.00 | OK |
Version: 1.1.2
Check: C++ specification
Result: NOTE
Specified C++11: please drop specification unless essential
Flavors: r-devel-linux-x86_64-debian-clang, r-devel-linux-x86_64-debian-gcc, r-devel-linux-x86_64-fedora-clang, r-devel-linux-x86_64-fedora-gcc, r-devel-windows-x86_64, r-patched-linux-x86_64, r-release-linux-x86_64, r-release-macos-arm64, r-release-macos-x86_64, r-release-windows-x86_64
Version: 1.1.2
Check: installed package size
Result: NOTE
installed size is 8.0Mb
sub-directories of 1Mb or more:
data 1.9Mb
libs 5.5Mb
Flavors: r-release-macos-arm64, r-release-macos-x86_64, r-oldrel-macos-arm64, r-oldrel-macos-x86_64