CRAN Package Check Results for Package DDoutlier

Last updated on 2024-06-20 22:50:43 CEST.

Flavor Version Tinstall Tcheck Ttotal Status Flags
r-devel-linux-x86_64-debian-clang 0.1.0 2.25 27.48 29.73 NOTE
r-devel-linux-x86_64-debian-gcc 0.1.0 2.22 20.78 23.00 NOTE
r-devel-linux-x86_64-fedora-clang 0.1.0 38.81 NOTE
r-devel-linux-x86_64-fedora-gcc 0.1.0 36.47 NOTE
r-devel-windows-x86_64 0.1.0 3.00 44.00 47.00 NOTE
r-patched-linux-x86_64 0.1.0 3.14 25.69 28.83 NOTE
r-release-linux-x86_64 0.1.0 3.02 26.00 29.02 NOTE
r-release-macos-arm64 0.1.0 17.00 NOTE
r-release-macos-x86_64 0.1.0 24.00 NOTE
r-release-windows-x86_64 0.1.0 4.00 46.00 50.00 NOTE
r-oldrel-macos-arm64 0.1.0 16.00 NOTE
r-oldrel-macos-x86_64 0.1.0 21.00 NOTE
r-oldrel-windows-x86_64 0.1.0 4.00 47.00 51.00 NOTE

Check Details

Version: 0.1.0
Check: LazyData
Result: NOTE 'LazyData' is specified without a 'data' directory Flavors: r-devel-linux-x86_64-debian-clang, r-devel-linux-x86_64-debian-gcc, r-devel-linux-x86_64-fedora-clang, r-devel-linux-x86_64-fedora-gcc, r-devel-windows-x86_64, r-patched-linux-x86_64, r-release-linux-x86_64, r-release-macos-arm64, r-release-macos-x86_64, r-release-windows-x86_64, r-oldrel-macos-arm64, r-oldrel-macos-x86_64, r-oldrel-windows-x86_64