Last updated on 2023-11-27 23:11:34 CET.
Flavor | Version | Tinstall | Tcheck | Ttotal | Status | Flags |
---|---|---|---|---|---|---|
r-devel-linux-x86_64-debian-clang | 6.0.6 | 119.85 | 122.87 | 242.72 | NOTE | |
r-devel-linux-x86_64-debian-gcc | 6.0.6 | 92.18 | 101.08 | 193.26 | NOTE | |
r-devel-linux-x86_64-fedora-clang | 6.0.6 | 310.10 | NOTE | |||
r-devel-linux-x86_64-fedora-gcc | 6.0.6 | 355.06 | NOTE | |||
r-devel-windows-x86_64 | 6.0.6 | 79.00 | 167.00 | 246.00 | NOTE | --no-vignettes |
r-patched-linux-x86_64 | 6.0.6 | 108.22 | 114.95 | 223.17 | NOTE | |
r-release-linux-x86_64 | 6.0.6 | 74.44 | 115.23 | 189.67 | NOTE | |
r-release-macos-arm64 | 6.0.6 | 77.00 | NOTE | |||
r-release-macos-x86_64 | 6.0.6 | 143.00 | NOTE | |||
r-release-windows-x86_64 | 6.0.6 | 109.00 | 187.00 | 296.00 | NOTE | --no-vignettes |
r-oldrel-macos-arm64 | 6.0.6 | 72.00 | NOTE | |||
r-oldrel-macos-x86_64 | 6.0.6 | 101.00 | NOTE | |||
r-oldrel-windows-x86_64 | 6.0.6 | 100.00 | 182.00 | 282.00 | NOTE | --no-vignettes |
Version: 6.0.6
Check: package subdirectories
Result: NOTE
Problems with news in ‘NEWS.md’:
Cannot extract version info from the following section titles:
Changes to previous versions
Minor changes
Fixes
Previous Versions
Flavors: r-devel-linux-x86_64-debian-clang, r-devel-linux-x86_64-debian-gcc, r-devel-linux-x86_64-fedora-clang, r-devel-linux-x86_64-fedora-gcc, r-patched-linux-x86_64, r-release-linux-x86_64, r-release-macos-arm64, r-release-macos-x86_64
Version: 6.0.6
Flags: --no-vignettes
Check: installed package size
Result: NOTE
installed size is 14.3Mb
sub-directories of 1Mb or more:
libs 13.6Mb
Flavors: r-devel-windows-x86_64, r-release-windows-x86_64, r-oldrel-windows-x86_64
Version: 6.0.6
Flags: --no-vignettes
Check: package subdirectories
Result: NOTE
Problems with news in 'NEWS.md':
Cannot extract version info from the following section titles:
Changes to previous versions
Minor changes
Fixes
Previous Versions
Flavors: r-devel-windows-x86_64, r-release-windows-x86_64
Version: 6.0.6
Check: installed package size
Result: NOTE
installed size is 34.3Mb
sub-directories of 1Mb or more:
libs 33.6Mb
Flavors: r-release-macos-arm64, r-release-macos-x86_64, r-oldrel-macos-arm64, r-oldrel-macos-x86_64