Last updated on 2023-12-07 21:55:44 CET.
Flavor | Version | Tinstall | Tcheck | Ttotal | Status | Flags |
---|---|---|---|---|---|---|
r-devel-linux-x86_64-debian-clang | 0.2-4 | 76.80 | 81.08 | 157.88 | NOTE | |
r-devel-linux-x86_64-debian-gcc | 0.2-4 | 50.94 | 61.62 | 112.56 | NOTE | |
r-devel-linux-x86_64-fedora-clang | 0.2-4 | 231.09 | NOTE | |||
r-devel-linux-x86_64-fedora-gcc | 0.2-4 | 226.35 | NOTE | |||
r-devel-windows-x86_64 | 0.2-4 | 61.00 | 106.00 | 167.00 | NOTE | |
r-patched-linux-x86_64 | 0.2-4 | 64.82 | 79.45 | 144.27 | NOTE | |
r-release-linux-x86_64 | 0.2-4 | 66.04 | 77.67 | 143.71 | NOTE | |
r-release-macos-arm64 | 0.2-4 | 65.00 | NOTE | |||
r-release-macos-x86_64 | 0.2-4 | 91.00 | NOTE | |||
r-release-windows-x86_64 | 0.2-4 | 78.00 | 124.00 | 202.00 | NOTE | |
r-oldrel-macos-arm64 | 0.2-4 | 60.00 | NOTE | |||
r-oldrel-macos-x86_64 | 0.2-4 | 74.00 | NOTE | |||
r-oldrel-windows-x86_64 | 0.2-4 | 74.00 | 121.00 | 195.00 | NOTE |
Version: 0.2-4
Check: C++ specification
Result: NOTE
Specified C++11: please drop specification unless essential
Flavors: r-devel-linux-x86_64-debian-clang, r-devel-linux-x86_64-debian-gcc, r-devel-linux-x86_64-fedora-clang, r-devel-linux-x86_64-fedora-gcc, r-devel-windows-x86_64, r-patched-linux-x86_64, r-release-linux-x86_64, r-release-macos-arm64, r-release-macos-x86_64, r-release-windows-x86_64
Version: 0.2-4
Check: for GNU extensions in Makefiles
Result: NOTE
GNU make is a SystemRequirements.
Flavors: r-devel-linux-x86_64-debian-clang, r-devel-linux-x86_64-debian-gcc, r-devel-linux-x86_64-fedora-clang, r-devel-linux-x86_64-fedora-gcc, r-devel-windows-x86_64, r-patched-linux-x86_64, r-release-linux-x86_64, r-release-macos-arm64, r-release-windows-x86_64, r-oldrel-macos-arm64, r-oldrel-macos-x86_64, r-oldrel-windows-x86_64