CRAN Package Check Results for Package DPpackage

Last updated on 2018-04-23 22:47:17 CEST.

Flavor Version Tinstall Tcheck Ttotal Status Flags
r-devel-linux-x86_64-debian-clang 1.1-7.4 142.33 196.37 338.70 NOTE
r-devel-linux-x86_64-debian-gcc 1.1-7.4 117.35 165.09 282.44 NOTE
r-devel-linux-x86_64-fedora-clang 1.1-7.4 447.22 NOTE
r-devel-linux-x86_64-fedora-gcc 1.1-7.4 462.07 NOTE
r-devel-windows-ix86+x86_64 1.1-7.4 562.00 300.00 862.00 WARN
r-devel-osx-x86_64 1.1-7.4 NOTE
r-patched-linux-x86_64 1.1-7.4 143.16 220.79 363.95 NOTE
r-patched-solaris-x86 1.1-7.4 667.70 NOTE
r-release-linux-x86_64 1.1-7.4 97.02 215.05 312.07 NOTE
r-release-windows-ix86+x86_64 1.1-7.4 239.00 289.00 528.00 NOTE
r-release-osx-x86_64 1.1-7.4 NOTE
r-oldrel-windows-ix86+x86_64 1.1-7.4 255.00 285.00 540.00 NOTE

Check Details

Version: 1.1-7.4
Check: compiled code
Result: NOTE
    File ‘DPpackage/libs/DPpackage.so’:
     Found ‘_gfortran_st_close’, possibly from ‘close’ (Fortran)
     Objects: ‘DPdensityreg.o’, ‘LDBDPdensity.o’, ‘LDDPdensity.o’,
     ‘LDDPsurvival.o’, ‘LDPDdoublyintsba.o’, ‘LDTFPdensity.o’,
     ‘LDTFPglmmpois.o’, ‘LDTFPsurvival.o’, ‘PSgamgam.o’,
     ‘PSgamgauss.o’, ‘PSgamlogit.o’, ‘PSgampois.o’, ‘PSgamprob.o’,
     ‘ToolsLDTFP.o’
     Found ‘_gfortran_st_open’, possibly from ‘open’ (Fortran)
     Objects: ‘DPdensityreg.o’, ‘LDBDPdensity.o’, ‘LDDPdensity.o’,
     ‘LDDPsurvival.o’, ‘LDPDdoublyintsba.o’, ‘LDTFPdensity.o’,
     ‘LDTFPglmmpois.o’, ‘LDTFPsurvival.o’, ‘PSgamgam.o’,
     ‘PSgamgauss.o’, ‘PSgamlogit.o’, ‘PSgampois.o’, ‘PSgamprob.o’,
     ‘ToolsLDTFP.o’
     Found ‘_gfortran_st_read’, possibly from ‘read’ (Fortran)
     Objects: ‘DPdensityreg.o’, ‘LDDPdensity.o’, ‘LDDPsurvival.o’,
     ‘LDPDdoublyintsba.o’, ‘PSgamgam.o’, ‘PSgamgauss.o’,
     ‘PSgamlogit.o’, ‘PSgampois.o’, ‘PSgamprob.o’, ‘ToolsLDTFP.o’
     Found ‘_gfortran_st_rewind’, possibly from ‘rewind’ (Fortran)
     Objects: ‘DPdensityreg.o’, ‘LDDPdensity.o’, ‘LDDPsurvival.o’,
     ‘LDPDdoublyintsba.o’, ‘PSgamgam.o’, ‘PSgamgauss.o’,
     ‘PSgamlogit.o’, ‘PSgampois.o’, ‘PSgamprob.o’, ‘ToolsLDTFP.o’
     Found ‘_gfortran_st_write’, possibly from ‘write’ (Fortran), ‘print’
     (Fortran)
     Objects: ‘DPdensityreg.o’, ‘LDBDPdensity.o’, ‘LDDPdensity.o’,
     ‘LDDPsurvival.o’, ‘LDPDdoublyintsba.o’, ‘LDTFPdensity.o’,
     ‘LDTFPglmmpois.o’, ‘LDTFPsurvival.o’, ‘PSgamgam.o’,
     ‘PSgamgauss.o’, ‘PSgamlogit.o’, ‘PSgampois.o’, ‘PSgamprob.o’
    
    Compiled code should not call entry points which might terminate R nor
    write to stdout/stderr instead of to the console, nor use Fortran I/O
    nor system RNGs.
    
    See ‘Writing portable packages’ in the ‘Writing R Extensions’ manual.
Flavors: r-devel-linux-x86_64-debian-clang, r-devel-linux-x86_64-debian-gcc, r-devel-linux-x86_64-fedora-clang, r-devel-linux-x86_64-fedora-gcc, r-patched-linux-x86_64, r-release-linux-x86_64

Version: 1.1-7.4
Check: installed package size
Result: NOTE
     installed size is 6.0Mb
     sub-directories of 1Mb or more:
     R 1.7Mb
     libs 3.5Mb
Flavors: r-devel-linux-x86_64-fedora-clang, r-devel-linux-x86_64-fedora-gcc, r-devel-windows-ix86+x86_64, r-devel-osx-x86_64, r-patched-solaris-x86

Version: 1.1-7.4
Check: compiled code
Result: WARN
    File 'DPpackage/libs/i386/DPpackage.dll':
     Found '_gfortran_st_close', possibly from 'close' (Fortran)
     Objects: 'DPdensityreg.o', 'LDBDPdensity.o', 'LDDPdensity.o',
     'LDDPsurvival.o', 'LDPDdoublyintsba.o', 'LDTFPdensity.o',
     'LDTFPglmmpois.o', 'LDTFPsurvival.o', 'PSgamgam.o',
     'PSgamgauss.o', 'PSgamlogit.o', 'PSgampois.o', 'PSgamprob.o',
     'ToolsLDTFP.o'
     Found '_gfortran_st_open', possibly from 'open' (Fortran)
     Objects: 'DPdensityreg.o', 'LDBDPdensity.o', 'LDDPdensity.o',
     'LDDPsurvival.o', 'LDPDdoublyintsba.o', 'LDTFPdensity.o',
     'LDTFPglmmpois.o', 'LDTFPsurvival.o', 'PSgamgam.o',
     'PSgamgauss.o', 'PSgamlogit.o', 'PSgampois.o', 'PSgamprob.o',
     'ToolsLDTFP.o'
    File 'DPpackage/libs/x64/DPpackage.dll':
     Found '_gfortran_st_close', possibly from 'close' (Fortran)
     Objects: 'DPdensityreg.o', 'LDBDPdensity.o', 'LDDPdensity.o',
     'LDDPsurvival.o', 'LDPDdoublyintsba.o', 'LDTFPdensity.o',
     'LDTFPglmmpois.o', 'LDTFPsurvival.o', 'PSgamgam.o',
     'PSgamgauss.o', 'PSgamlogit.o', 'PSgampois.o', 'PSgamprob.o',
     'ToolsLDTFP.o'
     Found '_gfortran_st_open', possibly from 'open' (Fortran)
     Objects: 'DPdensityreg.o', 'LDBDPdensity.o', 'LDDPdensity.o',
     'LDDPsurvival.o', 'LDPDdoublyintsba.o', 'LDTFPdensity.o',
     'LDTFPglmmpois.o', 'LDTFPsurvival.o', 'PSgamgam.o',
     'PSgamgauss.o', 'PSgamlogit.o', 'PSgampois.o', 'PSgamprob.o',
     'ToolsLDTFP.o'
    
    Compiled code should not call entry points which might terminate R nor
    write to stdout/stderr instead of to the console, nor use Fortran I/O
    nor system RNGs.
    
    See 'Writing portable packages' in the 'Writing R Extensions' manual.
Flavor: r-devel-windows-ix86+x86_64

Version: 1.1-7.4
Check: compiled code
Result: NOTE
    File ‘DPpackage/libs/DPpackage.so’:
     Found ‘__gfortran_st_close’, possibly from ‘close’ (Fortran)
     Objects: ‘DPdensityreg.o’, ‘LDBDPdensity.o’, ‘LDDPdensity.o’,
     ‘LDDPsurvival.o’, ‘LDPDdoublyintsba.o’, ‘LDTFPdensity.o’,
     ‘LDTFPglmmpois.o’, ‘LDTFPsurvival.o’, ‘PSgamgam.o’,
     ‘PSgamgauss.o’, ‘PSgamlogit.o’, ‘PSgampois.o’, ‘PSgamprob.o’,
     ‘ToolsLDTFP.o’
     Found ‘__gfortran_st_open’, possibly from ‘open’ (Fortran)
     Objects: ‘DPdensityreg.o’, ‘LDBDPdensity.o’, ‘LDDPdensity.o’,
     ‘LDDPsurvival.o’, ‘LDPDdoublyintsba.o’, ‘LDTFPdensity.o’,
     ‘LDTFPglmmpois.o’, ‘LDTFPsurvival.o’, ‘PSgamgam.o’,
     ‘PSgamgauss.o’, ‘PSgamlogit.o’, ‘PSgampois.o’, ‘PSgamprob.o’,
     ‘ToolsLDTFP.o’
     Found ‘__gfortran_st_read’, possibly from ‘read’ (Fortran)
     Objects: ‘DPdensityreg.o’, ‘LDDPdensity.o’, ‘LDDPsurvival.o’,
     ‘LDPDdoublyintsba.o’, ‘PSgamgam.o’, ‘PSgamgauss.o’,
     ‘PSgamlogit.o’, ‘PSgampois.o’, ‘PSgamprob.o’, ‘ToolsLDTFP.o’
     Found ‘__gfortran_st_write’, possibly from ‘write’ (Fortran), ‘print’
     (Fortran)
     Objects: ‘DPdensityreg.o’, ‘LDBDPdensity.o’, ‘LDDPdensity.o’,
     ‘LDDPsurvival.o’, ‘LDPDdoublyintsba.o’, ‘LDTFPdensity.o’,
     ‘LDTFPglmmpois.o’, ‘LDTFPsurvival.o’, ‘PSgamgam.o’,
     ‘PSgamgauss.o’, ‘PSgamlogit.o’, ‘PSgampois.o’, ‘PSgamprob.o’
    
    Compiled code should not call entry points which might terminate R nor
    write to stdout/stderr instead of to the console, nor use Fortran I/O
    nor system RNGs.
    
    See ‘Writing portable packages’ in the ‘Writing R Extensions’ manual.
Flavors: r-devel-osx-x86_64, r-release-osx-x86_64

Version: 1.1-7.4
Check: compiled code
Result: NOTE
    File ‘DPpackage/libs/DPpackage.so’:
     Found ‘__f90_close’, possibly from ‘close’ (Fortran)
     Objects: ‘DPdensityreg.o’, ‘LDBDPdensity.o’, ‘LDDPdensity.o’,
     ‘LDDPsurvival.o’, ‘LDPDdoublyintsba.o’, ‘LDTFPdensity.o’,
     ‘LDTFPglmmpois.o’, ‘LDTFPsurvival.o’, ‘PSgamgam.o’,
     ‘PSgamgauss.o’, ‘PSgamlogit.o’, ‘PSgampois.o’, ‘PSgamprob.o’,
     ‘ToolsLDTFP.o’
     Found ‘__f90_esuw’, possibly from ‘write’ (Fortran)
     Objects: ‘DPdensityreg.o’, ‘LDBDPdensity.o’, ‘LDDPdensity.o’,
     ‘LDDPsurvival.o’, ‘LDPDdoublyintsba.o’, ‘LDTFPdensity.o’,
     ‘LDTFPglmmpois.o’, ‘LDTFPsurvival.o’, ‘PSgamgam.o’,
     ‘PSgamgauss.o’, ‘PSgamlogit.o’, ‘PSgampois.o’, ‘PSgamprob.o’
     Found ‘__f90_open’, possibly from ‘open’ (Fortran)
     Objects: ‘DPdensityreg.o’, ‘LDBDPdensity.o’, ‘LDDPdensity.o’,
     ‘LDDPsurvival.o’, ‘LDPDdoublyintsba.o’, ‘LDTFPdensity.o’,
     ‘LDTFPglmmpois.o’, ‘LDTFPsurvival.o’, ‘PSgamgam.o’,
     ‘PSgamgauss.o’, ‘PSgamlogit.o’, ‘PSgampois.o’, ‘PSgamprob.o’,
     ‘ToolsLDTFP.o’
     Found ‘__f90_rewind’, possibly from ‘rewind’ (Fortran)
     Objects: ‘DPdensityreg.o’, ‘LDDPdensity.o’, ‘LDDPsurvival.o’,
     ‘LDPDdoublyintsba.o’, ‘PSgamgam.o’, ‘PSgamgauss.o’,
     ‘PSgamlogit.o’, ‘PSgampois.o’, ‘PSgamprob.o’, ‘ToolsLDTFP.o’
    
    Compiled code should not call entry points which might terminate R nor
    write to stdout/stderr instead of to the console, nor use Fortran I/O
    nor system RNGs.
    
    See ‘Writing portable packages’ in the ‘Writing R Extensions’ manual.
Flavor: r-patched-solaris-x86

Version: 1.1-7.4
Check: compiled code
Result: NOTE
    File 'DPpackage/libs/i386/DPpackage.dll':
     Found '_gfortran_st_close', possibly from 'close' (Fortran)
     Objects: 'DPdensityreg.o', 'LDBDPdensity.o', 'LDDPdensity.o',
     'LDDPsurvival.o', 'LDPDdoublyintsba.o', 'LDTFPdensity.o',
     'LDTFPglmmpois.o', 'LDTFPsurvival.o', 'PSgamgam.o',
     'PSgamgauss.o', 'PSgamlogit.o', 'PSgampois.o', 'PSgamprob.o',
     'ToolsLDTFP.o'
     Found '_gfortran_st_open', possibly from 'open' (Fortran)
     Objects: 'DPdensityreg.o', 'LDBDPdensity.o', 'LDDPdensity.o',
     'LDDPsurvival.o', 'LDPDdoublyintsba.o', 'LDTFPdensity.o',
     'LDTFPglmmpois.o', 'LDTFPsurvival.o', 'PSgamgam.o',
     'PSgamgauss.o', 'PSgamlogit.o', 'PSgampois.o', 'PSgamprob.o',
     'ToolsLDTFP.o'
    File 'DPpackage/libs/x64/DPpackage.dll':
     Found '_gfortran_st_close', possibly from 'close' (Fortran)
     Objects: 'DPdensityreg.o', 'LDBDPdensity.o', 'LDDPdensity.o',
     'LDDPsurvival.o', 'LDPDdoublyintsba.o', 'LDTFPdensity.o',
     'LDTFPglmmpois.o', 'LDTFPsurvival.o', 'PSgamgam.o',
     'PSgamgauss.o', 'PSgamlogit.o', 'PSgampois.o', 'PSgamprob.o',
     'ToolsLDTFP.o'
     Found '_gfortran_st_open', possibly from 'open' (Fortran)
     Objects: 'DPdensityreg.o', 'LDBDPdensity.o', 'LDDPdensity.o',
     'LDDPsurvival.o', 'LDPDdoublyintsba.o', 'LDTFPdensity.o',
     'LDTFPglmmpois.o', 'LDTFPsurvival.o', 'PSgamgam.o',
     'PSgamgauss.o', 'PSgamlogit.o', 'PSgampois.o', 'PSgamprob.o',
     'ToolsLDTFP.o'
    
    Compiled code should not call entry points which might terminate R nor
    write to stdout/stderr instead of to the console, nor use Fortran I/O
    nor system RNGs.
    
    See 'Writing portable packages' in the 'Writing R Extensions' manual.
Flavor: r-release-windows-ix86+x86_64

Version: 1.1-7.4
Check: compiled code
Result: NOTE
    File 'DPpackage/libs/i386/DPpackage.dll':
     Found '_gfortran_st_write', possibly from 'write' (Fortran), 'print'
     (Fortran)
     Objects: 'DPdensityreg.o', 'LDBDPdensity.o', 'LDDPdensity.o',
     'LDDPsurvival.o', 'LDPDdoublyintsba.o', 'LDTFPdensity.o',
     'LDTFPglmmpois.o', 'LDTFPsurvival.o', 'PSgamgam.o',
     'PSgamgauss.o', 'PSgamlogit.o', 'PSgampois.o', 'PSgamprob.o'
    File 'DPpackage/libs/x64/DPpackage.dll':
     Found '_gfortran_st_write', possibly from 'write' (Fortran), 'print'
     (Fortran)
     Objects: 'DPdensityreg.o', 'LDBDPdensity.o', 'LDDPdensity.o',
     'LDDPsurvival.o', 'LDPDdoublyintsba.o', 'LDTFPdensity.o',
     'LDTFPglmmpois.o', 'LDTFPsurvival.o', 'PSgamgam.o',
     'PSgamgauss.o', 'PSgamlogit.o', 'PSgampois.o', 'PSgamprob.o'
    
    Compiled code should not call entry points which might terminate R nor
    write to stdout/stderr instead of to the console, nor the system RNG.
    
    See 'Writing portable packages' in the 'Writing R Extensions' manual.
Flavor: r-oldrel-windows-ix86+x86_64