CRAN Package Check Results for Package DSI

Last updated on 2021-04-12 22:51:00 CEST.

Flavor Version Tinstall Tcheck Ttotal Status Flags
r-devel-linux-x86_64-debian-clang 1.2.0 6.40 41.66 48.06 NOTE
r-devel-linux-x86_64-debian-gcc 1.2.0 4.85 32.48 37.33 NOTE
r-devel-linux-x86_64-fedora-clang 1.2.0 69.57 NOTE
r-devel-linux-x86_64-fedora-gcc 1.2.0 59.54 NOTE
r-devel-windows-ix86+x86_64 1.2.0 10.00 65.00 75.00 NOTE
r-devel-windows-x86_64-gcc10-UCRT 1.2.0 NOTE
r-patched-linux-x86_64 1.2.0 5.61 40.04 45.65 OK
r-patched-solaris-x86 1.2.0 80.10 OK
r-release-linux-x86_64 1.2.0 5.52 40.21 45.73 OK
r-release-macos-x86_64 1.2.0 OK
r-release-windows-ix86+x86_64 1.2.0 8.00 62.00 70.00 OK
r-oldrel-macos-x86_64 1.2.0 OK
r-oldrel-windows-ix86+x86_64 1.2.0 10.00 44.00 54.00 OK

Check Details

Version: 1.2.0
Check: LazyData
Result: NOTE
     'LazyData' is specified without a 'data' directory
Flavors: r-devel-linux-x86_64-debian-clang, r-devel-linux-x86_64-debian-gcc, r-devel-linux-x86_64-fedora-clang, r-devel-linux-x86_64-fedora-gcc, r-devel-windows-ix86+x86_64, r-devel-windows-x86_64-gcc10-UCRT