Last updated on 2023-10-02 22:07:57 CEST.
Flavor | Version | Tinstall | Tcheck | Ttotal | Status | Flags |
---|---|---|---|---|---|---|
r-devel-linux-x86_64-debian-clang | 0.1.1 | 74.87 | 219.51 | 294.38 | NOTE | |
r-devel-linux-x86_64-debian-gcc | 0.1.1 | 51.86 | 174.24 | 226.10 | NOTE | |
r-devel-linux-x86_64-fedora-clang | 0.1.1 | 318.62 | NOTE | |||
r-devel-linux-x86_64-fedora-gcc | 0.1.1 | 393.30 | NOTE | |||
r-devel-windows-x86_64 | 0.1.1 | 57.00 | 188.00 | 245.00 | NOTE | |
r-patched-linux-x86_64 | 0.1.1 | 56.05 | 212.05 | 268.10 | NOTE | |
r-release-linux-x86_64 | 0.1.1 | 55.81 | 217.03 | 272.84 | NOTE | |
r-release-macos-arm64 | 0.1.1 | 135.00 | NOTE | |||
r-release-macos-x86_64 | 0.1.1 | 206.00 | NOTE | |||
r-release-windows-x86_64 | 0.1.1 | 79.00 | 239.00 | 318.00 | NOTE | |
r-oldrel-macos-arm64 | 0.1.1 | 160.00 | OK | |||
r-oldrel-macos-x86_64 | 0.1.1 | 559.00 | OK | |||
r-oldrel-windows-x86_64 | 0.1.1 | 76.00 | 243.00 | 319.00 | OK |
Version: 0.1.1
Check: C++ specification
Result: NOTE
Specified C++11: please drop specification unless essential
Flavors: r-devel-linux-x86_64-debian-clang, r-devel-linux-x86_64-debian-gcc, r-devel-linux-x86_64-fedora-clang, r-devel-linux-x86_64-fedora-gcc, r-devel-windows-x86_64, r-patched-linux-x86_64, r-release-linux-x86_64, r-release-macos-arm64, r-release-macos-x86_64, r-release-windows-x86_64