CRAN Package Check Results for Package DT

Last updated on 2024-02-21 21:49:38 CET.

Flavor Version Tinstall Tcheck Ttotal Status Flags
r-devel-linux-x86_64-debian-clang 0.31 OK
r-devel-linux-x86_64-debian-gcc 0.32 5.11 36.32 41.43 OK
r-devel-linux-x86_64-fedora-clang 0.32 69.94 NOTE
r-devel-linux-x86_64-fedora-gcc 0.32 80.30 OK
r-devel-windows-x86_64 0.31 7.00 58.00 65.00 NOTE
r-patched-linux-x86_64 0.31 12.95 45.01 57.96 OK
r-release-linux-x86_64 0.31 5.84 45.06 50.90 OK
r-release-macos-arm64 0.32 43.00 NOTE
r-release-macos-x86_64 0.32 63.00 NOTE
r-release-windows-x86_64 0.32 14.00 67.00 81.00 NOTE
r-oldrel-macos-arm64 0.32 38.00 NOTE
r-oldrel-windows-x86_64 0.32 14.00 83.00 97.00 NOTE

Check Details

Version: 0.32
Check: installed package size
Result: NOTE installed size is 6.8Mb sub-directories of 1Mb or more: htmlwidgets 5.8Mb Flavors: r-devel-linux-x86_64-fedora-clang, r-release-macos-arm64, r-release-macos-x86_64, r-release-windows-x86_64, r-oldrel-macos-arm64, r-oldrel-windows-x86_64

Version: 0.31
Check: installed package size
Result: NOTE installed size is 6.1Mb sub-directories of 1Mb or more: htmlwidgets 5.4Mb Flavor: r-devel-windows-x86_64