Last updated on 2024-03-28 23:01:43 CET.
Flavor | Version | Tinstall | Tcheck | Ttotal | Status | Flags |
---|---|---|---|---|---|---|
r-devel-linux-x86_64-debian-clang | 1.0.2 | 23.62 | 40.89 | 64.51 | NOTE | |
r-devel-linux-x86_64-debian-gcc | 1.0.2 | 15.81 | 30.75 | 46.56 | NOTE | |
r-devel-linux-x86_64-fedora-clang | 1.0.2 | 86.35 | NOTE | |||
r-devel-linux-x86_64-fedora-gcc | 1.0.2 | 88.60 | NOTE | |||
r-devel-windows-x86_64 | 1.0.2 | 20.00 | 66.00 | 86.00 | NOTE | |
r-patched-linux-x86_64 | 1.0.2 | 21.88 | 39.41 | 61.29 | NOTE | |
r-release-linux-x86_64 | 1.0.2 | 18.85 | 40.09 | 58.94 | NOTE | |
r-release-macos-arm64 | 1.0.2 | 29.00 | NOTE | |||
r-release-macos-x86_64 | 1.0.2 | 41.00 | NOTE | |||
r-release-windows-x86_64 | 1.0.2 | 23.00 | 75.00 | 98.00 | NOTE | |
r-oldrel-macos-arm64 | 1.0.2 | 26.00 | NOTE | |||
r-oldrel-windows-x86_64 | 1.0.2 | 23.00 | 78.00 | 101.00 | NOTE |
Version: 1.0.2
Check: Rd files
Result: NOTE
checkRd: (-1) DTDAcif.Rd:32: Lost braces in \itemize; \value handles \item{}{} directly
checkRd: (-1) DTDAcif.Rd:33: Lost braces in \itemize; \value handles \item{}{} directly
checkRd: (-1) DTDAcif.Rd:34: Lost braces in \itemize; \value handles \item{}{} directly
checkRd: (-1) DTDAcif.Rd:35: Lost braces in \itemize; \value handles \item{}{} directly
checkRd: (-1) DTDAcif.Rd:36: Lost braces in \itemize; \value handles \item{}{} directly
Flavors: r-devel-linux-x86_64-debian-clang, r-devel-linux-x86_64-debian-gcc, r-devel-linux-x86_64-fedora-clang, r-devel-linux-x86_64-fedora-gcc, r-devel-windows-x86_64, r-patched-linux-x86_64
Version: 1.0.2
Check: LazyData
Result: NOTE
'LazyData' is specified without a 'data' directory
Flavors: r-devel-linux-x86_64-debian-clang, r-devel-linux-x86_64-debian-gcc, r-devel-linux-x86_64-fedora-clang, r-devel-linux-x86_64-fedora-gcc, r-devel-windows-x86_64, r-patched-linux-x86_64, r-release-linux-x86_64, r-release-macos-arm64, r-release-macos-x86_64, r-release-windows-x86_64, r-oldrel-macos-arm64, r-oldrel-windows-x86_64