CRAN Package Check Results for Package DWBmodelUN

Last updated on 2023-01-28 22:55:11 CET.

Flavor Version Tinstall Tcheck Ttotal Status Flags
r-devel-linux-x86_64-debian-clang 1.0.0 3.94 101.43 105.37 OK
r-devel-linux-x86_64-debian-gcc 1.0.0 4.36 76.64 81.00 OK
r-devel-linux-x86_64-fedora-clang 1.0.0 134.28 NOTE
r-devel-linux-x86_64-fedora-gcc 1.0.0 140.54 NOTE
r-devel-windows-x86_64 1.0.0 27.00 141.00 168.00 OK
r-patched-linux-x86_64 1.0.0 4.58 97.59 102.17 OK
r-release-linux-x86_64 1.0.0 5.24 96.01 101.25 OK
r-release-macos-arm64 1.0.0 35.00 NOTE
r-release-macos-x86_64 1.0.0 50.00 NOTE
r-release-windows-x86_64 1.0.0 39.00 139.00 178.00 OK
r-oldrel-macos-arm64 1.0.0 34.00 NOTE
r-oldrel-macos-x86_64 1.0.0 55.00 NOTE
r-oldrel-windows-ix86+x86_64 1.0.0 11.00 134.00 145.00 OK

Check Details

Version: 1.0.0
Check: dependencies in R code
Result: NOTE
    Namespaces in Imports field not imported from:
     ‘ncdf4’ ‘rgdal’
     All declared Imports should be used.
Flavors: r-devel-linux-x86_64-fedora-clang, r-devel-linux-x86_64-fedora-gcc, r-release-macos-arm64, r-release-macos-x86_64, r-oldrel-macos-arm64, r-oldrel-macos-x86_64