Last updated on 2024-04-19 22:55:43 CEST.
Flavor | Version | Tinstall | Tcheck | Ttotal | Status | Flags |
---|---|---|---|---|---|---|
r-devel-linux-x86_64-debian-clang | 0.2 | 1.76 | 23.45 | 25.21 | OK | |
r-devel-linux-x86_64-debian-gcc | 0.2 | OK | ||||
r-devel-linux-x86_64-fedora-clang | 0.2 | 32.08 | NOTE | |||
r-devel-linux-x86_64-fedora-gcc | 0.2 | 29.81 | OK | |||
r-prerel-macos-arm64 | 0.2 | 14.00 | OK | |||
r-prerel-windows-x86_64 | 0.2 | 3.00 | 41.00 | 44.00 | OK | |
r-patched-linux-x86_64 | 0.2 | 1.91 | 22.82 | 24.73 | OK | |
r-release-linux-x86_64 | 0.2 | 2.04 | 22.51 | 24.55 | OK | |
r-release-macos-arm64 | 0.2 | 18.00 | OK | |||
r-release-macos-x86_64 | 0.2 | 22.00 | OK | |||
r-release-windows-x86_64 | 0.2 | 3.00 | 39.00 | 42.00 | OK | |
r-oldrel-macos-arm64 | 0.2 | 18.00 | OK | |||
r-oldrel-windows-x86_64 | 0.2 | 3.00 | 45.00 | 48.00 | OK |
Version: 0.2
Check: Rd cross-references
Result: NOTE
Undeclared package ‘stringdist’ in Rd xrefs
Flavor: r-devel-linux-x86_64-fedora-clang