CRAN Package Check Results for Package DatAssim

Last updated on 2023-12-06 23:11:56 CET.

Flavor Version Tinstall Tcheck Ttotal Status Flags
r-devel-linux-x86_64-debian-clang 1.0 33.01 25.59 58.60 NOTE
r-devel-linux-x86_64-debian-gcc 1.0 22.60 20.66 43.26 NOTE
r-devel-linux-x86_64-fedora-clang 1.0 86.66 NOTE
r-devel-linux-x86_64-fedora-gcc 1.0 83.98 NOTE
r-devel-windows-x86_64 1.0 29.00 68.00 97.00 NOTE
r-patched-linux-x86_64 1.0 25.20 25.42 50.62 NOTE
r-release-linux-x86_64 1.0 28.40 25.36 53.76 NOTE
r-release-macos-arm64 1.0 26.00 NOTE
r-release-macos-x86_64 1.0 42.00 NOTE
r-release-windows-x86_64 1.0 30.00 71.00 101.00 NOTE
r-oldrel-macos-arm64 1.0 25.00 NOTE
r-oldrel-macos-x86_64 1.0 35.00 NOTE
r-oldrel-windows-x86_64 1.0 33.00 65.00 98.00 NOTE

Check Details

Version: 1.0
Check: LazyData
Result: NOTE 'LazyData' is specified without a 'data' directory Flavors: r-devel-linux-x86_64-debian-clang, r-devel-linux-x86_64-debian-gcc, r-devel-linux-x86_64-fedora-clang, r-devel-linux-x86_64-fedora-gcc, r-devel-windows-x86_64, r-patched-linux-x86_64, r-release-linux-x86_64, r-release-macos-arm64, r-release-macos-x86_64, r-release-windows-x86_64, r-oldrel-macos-arm64, r-oldrel-macos-x86_64, r-oldrel-windows-x86_64