Last updated on 2023-12-06 23:11:56 CET.
Flavor | Version | Tinstall | Tcheck | Ttotal | Status | Flags |
---|---|---|---|---|---|---|
r-devel-linux-x86_64-debian-clang | 1.2.14 | 84.10 | 26.93 | 111.03 | OK | |
r-devel-linux-x86_64-debian-gcc | 1.2.14 | 66.12 | 21.58 | 87.70 | OK | |
r-devel-linux-x86_64-fedora-clang | 1.2.14 | 180.30 | OK | |||
r-devel-linux-x86_64-fedora-gcc | 1.2.14 | 178.08 | OK | |||
r-devel-windows-x86_64 | 1.2.14 | 71.00 | 74.00 | 145.00 | OK | |
r-patched-linux-x86_64 | 1.2.14 | 80.93 | 26.52 | 107.45 | OK | |
r-release-linux-x86_64 | 1.2.14 | 78.45 | 26.77 | 105.22 | OK | |
r-release-macos-arm64 | 1.2.14 | 48.00 | NOTE | |||
r-release-macos-x86_64 | 1.2.14 | 72.00 | NOTE | |||
r-release-windows-x86_64 | 1.2.14 | 68.00 | 77.00 | 145.00 | OK | |
r-oldrel-macos-arm64 | 1.2.14 | 42.00 | NOTE | |||
r-oldrel-macos-x86_64 | 1.2.14 | 57.00 | NOTE | |||
r-oldrel-windows-x86_64 | 1.2.14 | 81.00 | 80.00 | 161.00 | OK |
Version: 1.2.14
Check: installed package size
Result: NOTE
installed size is 7.7Mb
sub-directories of 1Mb or more:
libs 7.6Mb
Flavors: r-release-macos-arm64, r-release-macos-x86_64, r-oldrel-macos-arm64, r-oldrel-macos-x86_64