CRAN Package Check Results for Package DataGraph

Last updated on 2024-07-16 22:48:32 CEST.

Flavor Version Tinstall Tcheck Ttotal Status Flags
r-devel-linux-x86_64-debian-clang 1.2.14 82.15 27.46 109.61 OK
r-devel-linux-x86_64-debian-gcc 1.2.14 65.70 21.58 87.28 OK
r-devel-linux-x86_64-fedora-clang 1.2.14 189.16 OK
r-devel-linux-x86_64-fedora-gcc 1.2.14 188.09 OK
r-devel-windows-x86_64 1.2.14 74.00 69.00 143.00 OK
r-patched-linux-x86_64 1.2.14 80.93 26.91 107.84 OK
r-release-linux-x86_64 1.2.14 78.37 27.00 105.37 OK
r-release-macos-arm64 1.2.14 38.00 NOTE
r-release-macos-x86_64 1.2.14 62.00 NOTE
r-release-windows-x86_64 1.2.14 73.00 71.00 144.00 OK
r-oldrel-macos-arm64 1.2.14 48.00 NOTE
r-oldrel-macos-x86_64 1.2.14 72.00 NOTE
r-oldrel-windows-x86_64 1.2.14 71.00 82.00 153.00 OK

Additional issues

rchk

Check Details

Version: 1.2.14
Check: installed package size
Result: NOTE installed size is 7.3Mb sub-directories of 1Mb or more: libs 7.2Mb Flavors: r-release-macos-arm64, r-release-macos-x86_64, r-oldrel-macos-arm64, r-oldrel-macos-x86_64