CRAN Package Check Results for Package DecomposeR

Last updated on 2024-02-27 23:08:11 CET.

Flavor Version Tinstall Tcheck Ttotal Status Flags
r-devel-linux-x86_64-debian-clang 1.0.6 12.17 151.37 163.54 OK
r-devel-linux-x86_64-debian-gcc 1.0.6 11.39 114.36 125.75 OK
r-devel-linux-x86_64-fedora-clang 1.0.6 211.02 OK
r-devel-linux-x86_64-fedora-gcc 1.0.6 205.06 OK
r-devel-windows-x86_64 1.0.6 13.00 145.00 158.00 OK
r-patched-linux-x86_64 1.0.6 23.51 148.36 171.87 OK
r-release-linux-x86_64 1.0.6 15.40 149.51 164.91 OK
r-release-macos-arm64 1.0.6 67.00 OK
r-release-macos-x86_64 1.0.6 130.00 NOTE
r-release-windows-x86_64 1.0.6 17.00 168.00 185.00 OK
r-oldrel-macos-arm64 1.0.6 57.00 OK
r-oldrel-windows-x86_64 1.0.6 17.00 166.00 183.00 OK

Check Details

Version: 1.0.6
Check: package dependencies
Result: NOTE Packages suggested but not available for checking: 'EMD', 'astrochron' Flavor: r-release-macos-x86_64