CRAN Package Check Results for Package Delaporte

Last updated on 2018-09-23 22:46:53 CEST.

Flavor Version Tinstall Tcheck Ttotal Status Flags
r-devel-linux-x86_64-debian-clang 6.2.0 2.57 30.41 32.98 NOTE
r-devel-linux-x86_64-debian-gcc 6.2.0 2.09 21.66 23.75 NOTE
r-devel-linux-x86_64-fedora-clang 6.2.0 37.10 NOTE
r-devel-linux-x86_64-fedora-gcc 6.2.0 34.43 NOTE
r-devel-windows-ix86+x86_64 6.2.0 14.00 58.00 72.00 OK
r-patched-linux-x86_64 6.2.0 2.51 25.83 28.34 OK
r-patched-solaris-x86 6.2.0 52.60 OK
r-release-linux-x86_64 6.2.0 2.47 25.63 28.10 OK
r-release-windows-ix86+x86_64 6.2.0 11.00 69.00 80.00 OK
r-release-osx-x86_64 6.2.0 OK
r-oldrel-windows-ix86+x86_64 6.2.0 11.00 65.00 76.00 OK
r-oldrel-osx-x86_64 6.2.0 OK

Check Details

Version: 6.2.0
Check: use of SHLIB_OPENMP_*FLAGS in Makefiles
Result: NOTE
     src/Makevars: SHLIB_OPENMP_CFLAGS is included in PKG_CFLAGS but not in PKG_LIBS
     src/Makevars: SHLIB_OPENMP_FFLAGS is included in PKG_FFLAGS but not SHLIB_OPENMP_CFLAGS in PKG_LIBS
    Use of these macros is discussed in sect 1.2.1.1 of ‘Writing R
    Extensions’. The macros for different languages may differ so the
    matching macro must be used in PKG_CXXFLAGS (etc) and match that used
    in PKG_LIBS (except for F77: see the manual).
Flavors: r-devel-linux-x86_64-debian-clang, r-devel-linux-x86_64-debian-gcc, r-devel-linux-x86_64-fedora-clang, r-devel-linux-x86_64-fedora-gcc