CRAN Package Check Results for Package DendSer

Last updated on 2025-01-17 22:50:13 CET.

Flavor Version Tinstall Tcheck Ttotal Status Flags
r-devel-linux-x86_64-debian-clang 1.0.2 4.09 23.17 27.26 NOTE
r-devel-linux-x86_64-debian-gcc 1.0.2 3.26 18.83 22.09 NOTE
r-devel-linux-x86_64-fedora-clang 1.0.2 43.26 NOTE
r-devel-linux-x86_64-fedora-gcc 1.0.2 41.11 NOTE
r-devel-windows-x86_64 1.0.2 8.00 47.00 55.00 NOTE
r-patched-linux-x86_64 1.0.2 3.60 21.88 25.48 NOTE
r-release-linux-x86_64 1.0.2 3.63 22.32 25.95 NOTE
r-release-macos-arm64 1.0.2 22.00 NOTE
r-release-macos-x86_64 1.0.2 33.00 NOTE
r-release-windows-x86_64 1.0.2 9.00 48.00 57.00 NOTE
r-oldrel-macos-arm64 1.0.2 19.00 NOTE
r-oldrel-macos-x86_64 1.0.2 28.00 NOTE
r-oldrel-windows-x86_64 1.0.2 9.00 48.00 57.00 NOTE

Check Details

Version: 1.0.2
Check: Rd files
Result: NOTE checkRd: (-1) DendSer.Rd:50: Escaped LaTeX specials: \& Flavors: r-devel-linux-x86_64-debian-clang, r-devel-linux-x86_64-debian-gcc, r-devel-linux-x86_64-fedora-clang, r-devel-linux-x86_64-fedora-gcc, r-devel-windows-x86_64, r-patched-linux-x86_64, r-release-linux-x86_64, r-release-macos-arm64, r-release-macos-x86_64, r-release-windows-x86_64, r-oldrel-macos-arm64, r-oldrel-macos-x86_64, r-oldrel-windows-x86_64