CRAN Package Check Results for Package DetMCD

Last updated on 2019-09-14 22:48:23 CEST.

Flavor Version Tinstall Tcheck Ttotal Status Flags
r-devel-linux-x86_64-debian-clang 0.0.5 29.33 23.33 52.66 OK
r-devel-linux-x86_64-debian-gcc 0.0.5 26.90 19.85 46.75 OK
r-devel-linux-x86_64-fedora-clang 0.0.5 76.82 NOTE
r-devel-linux-x86_64-fedora-gcc 0.0.5 76.03 OK
r-devel-windows-ix86+x86_64 0.0.5 71.00 77.00 148.00 OK
r-patched-linux-x86_64 0.0.5 29.12 24.20 53.32 OK
r-patched-solaris-x86 0.0.5 72.90 OK
r-release-linux-x86_64 0.0.5 27.38 24.31 51.69 OK
r-release-windows-ix86+x86_64 0.0.5 43.00 54.00 97.00 OK
r-release-osx-x86_64 0.0.5 NOTE
r-oldrel-windows-ix86+x86_64 0.0.5 61.00 49.00 110.00 OK
r-oldrel-osx-x86_64 0.0.5 NOTE

Check Details

Version: 0.0.5
Check: installed package size
Result: NOTE
     installed size is 11.0Mb
     sub-directories of 1Mb or more:
     libs 10.8Mb
Flavors: r-devel-linux-x86_64-fedora-clang, r-release-osx-x86_64, r-oldrel-osx-x86_64