CRAN Package Check Results for Package DetMCD

Last updated on 2019-06-24 22:59:48 CEST.

Flavor Version Tinstall Tcheck Ttotal Status Flags
r-devel-linux-x86_64-debian-clang 0.0.5 33.53 22.91 56.44 OK
r-devel-linux-x86_64-debian-gcc 0.0.5 26.29 19.83 46.12 OK
r-devel-linux-x86_64-fedora-clang 0.0.5 78.40 NOTE
r-devel-linux-x86_64-fedora-gcc 0.0.5 67.49 OK
r-devel-windows-ix86+x86_64 0.0.5 67.00 70.00 137.00 OK
r-patched-linux-x86_64 0.0.5 31.75 23.79 55.54 OK
r-patched-solaris-x86 0.0.5 77.30 OK
r-release-linux-x86_64 0.0.5 32.62 24.40 57.02 OK
r-release-windows-ix86+x86_64 0.0.5 49.00 55.00 104.00 OK
r-release-osx-x86_64 0.0.5 NOTE
r-oldrel-windows-ix86+x86_64 0.0.5 45.00 50.00 95.00 OK
r-oldrel-osx-x86_64 0.0.5 NOTE

Check Details

Version: 0.0.5
Check: installed package size
Result: NOTE
     installed size is 10.9Mb
     sub-directories of 1Mb or more:
     libs 10.8Mb
Flavors: r-devel-linux-x86_64-fedora-clang, r-release-osx-x86_64, r-oldrel-osx-x86_64