Last updated on 2024-04-18 22:52:37 CEST.
Flavor | Version | Tinstall | Tcheck | Ttotal | Status | Flags |
---|---|---|---|---|---|---|
r-devel-linux-x86_64-debian-clang | 0.0.5 | 59.39 | 40.00 | 99.39 | NOTE | |
r-devel-linux-x86_64-debian-gcc | 0.0.5 | 50.76 | 33.76 | 84.52 | NOTE | |
r-devel-linux-x86_64-fedora-clang | 0.0.5 | 129.76 | NOTE | |||
r-devel-linux-x86_64-fedora-gcc | 0.0.5 | 146.36 | NOTE | |||
r-prerel-macos-arm64 | 0.0.5 | 38.00 | NOTE | |||
r-prerel-windows-x86_64 | 0.0.5 | 46.00 | 59.00 | 105.00 | NOTE | |
r-patched-linux-x86_64 | 0.0.5 | 65.63 | 42.61 | 108.24 | NOTE | |
r-release-linux-x86_64 | 0.0.5 | 65.27 | 42.01 | 107.28 | NOTE | |
r-release-macos-arm64 | 0.0.5 | 42.00 | NOTE | |||
r-release-macos-x86_64 | 0.0.5 | 66.00 | NOTE | |||
r-release-windows-x86_64 | 0.0.5 | 57.00 | 82.00 | 139.00 | NOTE | |
r-oldrel-macos-arm64 | 0.0.5 | 42.00 | NOTE | |||
r-oldrel-windows-x86_64 | 0.0.5 | 56.00 | 78.00 | 134.00 | OK |
Version: 0.0.5
Check: C++ specification
Result: NOTE
Specified C++11: please drop specification unless essential
Flavors: r-devel-linux-x86_64-debian-clang, r-devel-linux-x86_64-debian-gcc, r-devel-linux-x86_64-fedora-clang, r-devel-linux-x86_64-fedora-gcc, r-prerel-macos-arm64, r-prerel-windows-x86_64, r-patched-linux-x86_64, r-release-linux-x86_64, r-release-macos-arm64, r-release-macos-x86_64, r-release-windows-x86_64
Version: 0.0.5
Check: installed package size
Result: NOTE
installed size is 19.5Mb
sub-directories of 1Mb or more:
libs 18.7Mb
Flavors: r-prerel-macos-arm64, r-release-macos-arm64, r-release-macos-x86_64, r-oldrel-macos-arm64