Last updated on 2024-04-19 22:55:43 CEST.
Flavor | Version | Tinstall | Tcheck | Ttotal | Status | Flags |
---|---|---|---|---|---|---|
r-devel-linux-x86_64-debian-clang | 0.6.4 | 3.70 | 38.45 | 42.15 | NOTE | |
r-devel-linux-x86_64-debian-gcc | 0.6.4 | NOTE | ||||
r-devel-linux-x86_64-fedora-clang | 0.6.4 | 54.16 | NOTE | |||
r-devel-linux-x86_64-fedora-gcc | 0.6.4 | 51.69 | NOTE | |||
r-prerel-macos-arm64 | 0.6.4 | 21.00 | NOTE | |||
r-prerel-windows-x86_64 | 0.6.4 | 4.00 | 55.00 | 59.00 | NOTE | |
r-patched-linux-x86_64 | 0.6.4 | 4.04 | 36.74 | 40.78 | NOTE | |
r-release-linux-x86_64 | 0.6.4 | 4.55 | 37.02 | 41.57 | NOTE | |
r-release-macos-arm64 | 0.6.4 | 22.00 | NOTE | |||
r-release-macos-x86_64 | 0.6.4 | 31.00 | NOTE | |||
r-release-windows-x86_64 | 0.6.4 | 5.00 | 58.00 | 63.00 | NOTE | |
r-oldrel-macos-arm64 | 0.6.4 | 24.00 | NOTE | |||
r-oldrel-windows-x86_64 | 0.6.4 | 6.00 | 65.00 | 71.00 | NOTE |
Version: 0.6.4
Check: package dependencies
Result: NOTE
Package suggested but not available for checking: ‘rrelaxiv’
Flavors: r-devel-linux-x86_64-debian-clang, r-devel-linux-x86_64-debian-gcc, r-devel-linux-x86_64-fedora-clang, r-devel-linux-x86_64-fedora-gcc, r-prerel-macos-arm64, r-prerel-windows-x86_64, r-patched-linux-x86_64, r-release-linux-x86_64, r-release-macos-arm64, r-release-macos-x86_64, r-release-windows-x86_64, r-oldrel-macos-arm64, r-oldrel-windows-x86_64