CRAN Package Check Results for Package DidacticBoost

Last updated on 2024-02-26 23:03:37 CET.

Flavor Version Tinstall Tcheck Ttotal Status Flags
r-devel-linux-x86_64-debian-clang 0.1.1 1.85 23.68 25.53 NOTE
r-devel-linux-x86_64-debian-gcc 0.1.1 1.47 18.31 19.78 NOTE
r-devel-linux-x86_64-fedora-clang 0.1.1 32.38 NOTE
r-devel-linux-x86_64-fedora-gcc 0.1.1 30.62 NOTE
r-devel-windows-x86_64 0.1.1 3.00 40.00 43.00 NOTE
r-patched-linux-x86_64 0.1.1 1.82 23.03 24.85 NOTE
r-release-linux-x86_64 0.1.1 2.06 23.24 25.30 NOTE
r-release-macos-arm64 0.1.1 16.00 NOTE
r-release-macos-x86_64 0.1.1 21.00 NOTE
r-release-windows-x86_64 0.1.1 3.00 41.00 44.00 NOTE
r-oldrel-macos-arm64 0.1.1 18.00 NOTE
r-oldrel-windows-x86_64 0.1.1 4.00 44.00 48.00 NOTE

Check Details

Version: 0.1.1
Check: LazyData
Result: NOTE 'LazyData' is specified without a 'data' directory Flavors: r-devel-linux-x86_64-debian-clang, r-devel-linux-x86_64-debian-gcc, r-devel-linux-x86_64-fedora-clang, r-devel-linux-x86_64-fedora-gcc, r-devel-windows-x86_64, r-patched-linux-x86_64, r-release-linux-x86_64, r-release-macos-arm64, r-release-macos-x86_64, r-release-windows-x86_64, r-oldrel-macos-arm64, r-oldrel-windows-x86_64