CRAN Package Check Results for Package DiffNet

Last updated on 2019-11-18 22:47:09 CET.

Flavor Version Tinstall Tcheck Ttotal Status Flags
r-devel-linux-x86_64-debian-clang 1.0-0 27.55 81.34 108.89 OK
r-devel-linux-x86_64-debian-gcc 1.0-0 21.09 65.51 86.60 OK
r-devel-linux-x86_64-fedora-clang 1.0-0 146.25 NOTE
r-devel-linux-x86_64-fedora-gcc 1.0-0 147.14 NOTE
r-devel-windows-ix86+x86_64 1.0-0 80.00 143.00 223.00 ERROR
r-patched-linux-x86_64 1.0-0 21.62 77.98 99.60 OK
r-patched-solaris-x86 1.0-0 182.50 NOTE
r-release-linux-x86_64 1.0-0 24.84 76.54 101.38 OK
r-release-windows-ix86+x86_64 1.0-0 58.00 128.00 186.00 ERROR
r-release-osx-x86_64 1.0-0 NOTE
r-oldrel-windows-ix86+x86_64 1.0-0 40.00 194.00 234.00 OK
r-oldrel-osx-x86_64 1.0-0 NOTE

Check Details

Version: 1.0-0
Check: dependencies in R code
Result: NOTE
    Namespace in Imports field not imported from: ‘gplots’
     All declared Imports should be used.
Flavors: r-devel-linux-x86_64-fedora-clang, r-devel-linux-x86_64-fedora-gcc, r-patched-solaris-x86, r-release-osx-x86_64, r-oldrel-osx-x86_64

Version: 1.0-0
Check: running examples for arch ‘i386’
Result: ERROR
    Running examples in 'DiffNet-Ex.R' failed
    The error most likely occurred in:
    
    > ### Name: diffnet
    > ### Title: Detection of Statistically Significant Changes in Paired
    > ### Biological Networks
    > ### Aliases: diffnet
    >
    > ### ** Examples
    >
    > library("DiffNet")
    > # this step is optional, it helps speed up calculations, run in parallel on 2 processors
    > library(doParallel)
    Loading required package: foreach
    Loading required package: iterators
    Loading required package: parallel
    > registerDoParallel(2)
    > # Run the differential network analysis tehcnique on sample data
    > p <- diffnet()
    >
    >
    >
    > ### * <FOOTER>
    > ###
    > cleanEx()
    
    detaching 'package:doParallel', 'package:parallel',
     'package:iterators', 'package:foreach'
    
    Error: connections left open:
     <-CRANwin.fb05.statistik.uni-dortmund.de:11523 (sockconn)
     <-CRANwin.fb05.statistik.uni-dortmund.de:11523 (sockconn)
    Execution halted
Flavor: r-devel-windows-ix86+x86_64

Version: 1.0-0
Check: running examples for arch ‘x64’
Result: ERROR
    Running examples in 'DiffNet-Ex.R' failed
    The error most likely occurred in:
    
    > ### Name: diffnet
    > ### Title: Detection of Statistically Significant Changes in Paired
    > ### Biological Networks
    > ### Aliases: diffnet
    >
    > ### ** Examples
    >
    > library("DiffNet")
    > # this step is optional, it helps speed up calculations, run in parallel on 2 processors
    > library(doParallel)
    Loading required package: foreach
    Loading required package: iterators
    Loading required package: parallel
    > registerDoParallel(2)
    > # Run the differential network analysis tehcnique on sample data
    > p <- diffnet()
    >
    >
    >
    > ### * <FOOTER>
    > ###
    > cleanEx()
    
    detaching 'package:doParallel', 'package:parallel',
     'package:iterators', 'package:foreach'
    
    Error: connections left open:
     <-CRANwin.fb05.statistik.uni-dortmund.de:11684 (sockconn)
     <-CRANwin.fb05.statistik.uni-dortmund.de:11684 (sockconn)
    Execution halted
Flavor: r-devel-windows-ix86+x86_64

Version: 1.0-0
Check: running examples for arch ‘i386’
Result: ERROR
    Running examples in 'DiffNet-Ex.R' failed
    The error most likely occurred in:
    
    > ### Name: diffnet
    > ### Title: Detection of Statistically Significant Changes in Paired
    > ### Biological Networks
    > ### Aliases: diffnet
    >
    > ### ** Examples
    >
    > library("DiffNet")
    > # this step is optional, it helps speed up calculations, run in parallel on 2 processors
    > library(doParallel)
    Loading required package: foreach
    Loading required package: iterators
    Loading required package: parallel
    > registerDoParallel(2)
    > # Run the differential network analysis tehcnique on sample data
    > p <- diffnet()
    >
    >
    >
    > ### * <FOOTER>
    > ###
    > cleanEx()
    
    detaching 'package:doParallel', 'package:parallel',
     'package:iterators', 'package:foreach'
    
    Error: connections left open:
     <-CRANwin.fb05.statistik.uni-dortmund.de:11124 (sockconn)
     <-CRANwin.fb05.statistik.uni-dortmund.de:11124 (sockconn)
    Execution halted
Flavor: r-release-windows-ix86+x86_64

Version: 1.0-0
Check: running examples for arch ‘x64’
Result: ERROR
    Running examples in 'DiffNet-Ex.R' failed
    The error most likely occurred in:
    
    > ### Name: diffnet
    > ### Title: Detection of Statistically Significant Changes in Paired
    > ### Biological Networks
    > ### Aliases: diffnet
    >
    > ### ** Examples
    >
    > library("DiffNet")
    > # this step is optional, it helps speed up calculations, run in parallel on 2 processors
    > library(doParallel)
    Loading required package: foreach
    Loading required package: iterators
    Loading required package: parallel
    > registerDoParallel(2)
    > # Run the differential network analysis tehcnique on sample data
    > p <- diffnet()
    >
    >
    >
    > ### * <FOOTER>
    > ###
    > cleanEx()
    
    detaching 'package:doParallel', 'package:parallel',
     'package:iterators', 'package:foreach'
    
    Error: connections left open:
     <-CRANwin.fb05.statistik.uni-dortmund.de:11893 (sockconn)
     <-CRANwin.fb05.statistik.uni-dortmund.de:11893 (sockconn)
    Execution halted
Flavor: r-release-windows-ix86+x86_64