CRAN Package Check Results for Package DoE.base

Last updated on 2019-08-17 22:46:25 CEST.

Flavor Version Tinstall Tcheck Ttotal Status Flags
r-devel-linux-x86_64-debian-clang 1.1-3 15.50 98.89 114.39 NOTE
r-devel-linux-x86_64-debian-gcc 1.1-3 12.42 75.55 87.97 NOTE
r-devel-linux-x86_64-fedora-clang 1.1-3 134.78 NOTE
r-devel-linux-x86_64-fedora-gcc 1.1-3 130.03 NOTE
r-devel-windows-ix86+x86_64 1.1-3 32.00 148.00 180.00 OK
r-patched-linux-x86_64 1.1-3 14.06 96.80 110.86 OK
r-patched-solaris-x86 1.1-3 176.80 OK
r-release-linux-x86_64 1.1-3 14.78 97.07 111.85 OK
r-release-windows-ix86+x86_64 1.1-3 31.00 151.00 182.00 OK
r-release-osx-x86_64 1.1-3 OK
r-oldrel-windows-ix86+x86_64 1.1-3 23.00 139.00 162.00 OK
r-oldrel-osx-x86_64 1.1-3 OK

Check Details

Version: 1.1-3
Check: for non-standard things in the check directory
Result: NOTE
    Found the following files/directories:
     'test.html' 'test.rda'
Flavors: r-devel-linux-x86_64-debian-clang, r-devel-linux-x86_64-debian-gcc, r-devel-linux-x86_64-fedora-clang, r-devel-linux-x86_64-fedora-gcc