CRAN Package Check Results for Package Dominance

Last updated on 2019-08-23 22:49:57 CEST.

Flavor Version Tinstall Tcheck Ttotal Status Flags
r-devel-linux-x86_64-debian-clang 1.1.0 6.14 46.02 52.16 OK
r-devel-linux-x86_64-debian-gcc 1.1.0 OK
r-devel-linux-x86_64-fedora-clang 1.1.0 62.48 OK
r-devel-linux-x86_64-fedora-gcc 1.1.0 62.38 OK
r-devel-windows-ix86+x86_64 1.1.0 7.00 5.00 12.00 ERROR
r-patched-linux-x86_64 1.1.0 4.95 45.51 50.46 OK
r-patched-solaris-x86 1.1.0 92.10 OK
r-release-linux-x86_64 1.1.0 5.34 45.14 50.48 OK
r-release-windows-ix86+x86_64 1.1.0 14.00 83.00 97.00 OK
r-release-osx-x86_64 1.1.0 OK
r-oldrel-windows-ix86+x86_64 1.1.0 8.00 84.00 92.00 OK
r-oldrel-osx-x86_64 1.1.0 OK

Check Details

Version: 1.1.0
Check: whether package can be installed
Result: ERROR
    Installation failed.
Flavor: r-devel-windows-ix86+x86_64

Version: 1.1.0
Check: examples
Result: FAIL
    
Flavor: r-release-osx-x86_64