CRAN Package Check Results for Package Dominance

Last updated on 2020-01-18 22:48:30 CET.

Flavor Version Tinstall Tcheck Ttotal Status Flags
r-devel-linux-x86_64-debian-clang 1.1.0 5.80 48.70 54.50 OK
r-devel-linux-x86_64-debian-gcc 1.1.0 4.24 37.71 41.95 OK
r-devel-linux-x86_64-fedora-clang 1.1.0 65.18 OK
r-devel-linux-x86_64-fedora-gcc 1.1.0 70.02 OK
r-devel-windows-ix86+x86_64 1.1.0 17.00 61.00 78.00 OK
r-devel-windows-ix86+x86_64-gcc8 1.1.0 11.00 66.00 77.00 OK
r-patched-linux-x86_64 1.1.0 5.30 43.66 48.96 OK
r-patched-solaris-x86 1.1.0 87.90 OK
r-release-linux-x86_64 1.1.0 4.76 43.41 48.17 OK
r-release-windows-ix86+x86_64 1.1.0 15.00 64.00 79.00 OK
r-release-osx-x86_64 1.1.0 FAIL
r-oldrel-windows-ix86+x86_64 1.1.0 9.00 73.00 82.00 OK
r-oldrel-osx-x86_64 1.1.0 OK

Check Details

Version: 1.1.0
Check: examples
Result: FAIL
Flavor: r-release-osx-x86_64