Last updated on 2024-04-17 22:59:50 CEST.
Flavor | Version | Tinstall | Tcheck | Ttotal | Status | Flags |
---|---|---|---|---|---|---|
r-devel-linux-x86_64-debian-clang | 0.1.4 | 7.89 | 92.13 | 100.02 | NOTE | |
r-devel-linux-x86_64-debian-gcc | 0.1.4 | 7.12 | 68.19 | 75.31 | NOTE | |
r-devel-linux-x86_64-fedora-clang | 0.1.4 | 132.15 | NOTE | |||
r-devel-linux-x86_64-fedora-gcc | 0.1.4 | 135.12 | NOTE | |||
r-prerel-macos-arm64 | 0.1.4 | 45.00 | NOTE | |||
r-prerel-macos-x86_64 | 0.1.4 | 79.00 | OK | |||
r-prerel-windows-x86_64 | 0.1.4 | 9.00 | 121.00 | 130.00 | NOTE | |
r-patched-linux-x86_64 | 0.1.4 | 10.30 | 88.09 | 98.39 | NOTE | |
r-release-linux-x86_64 | 0.1.4 | 5.74 | 87.45 | 93.19 | OK | |
r-release-macos-arm64 | 0.1.4 | 54.00 | OK | |||
r-release-macos-x86_64 | 0.1.4 | 77.00 | OK | |||
r-release-windows-x86_64 | 0.1.4 | 12.00 | 120.00 | 132.00 | OK | |
r-oldrel-macos-arm64 | 0.1.4 | 40.00 | OK | |||
r-oldrel-windows-x86_64 | 0.1.4 | 12.00 | 116.00 | 128.00 | OK |
Version: 0.1.4
Check: Rd files
Result: NOTE
checkRd: (-1) generate_individual_graphs.Rd:11: Lost braces
11 | code{\link[DrDimont]{compute_correlation_matrices}}}
| ^
Flavors: r-devel-linux-x86_64-debian-clang, r-devel-linux-x86_64-debian-gcc, r-devel-linux-x86_64-fedora-clang, r-devel-linux-x86_64-fedora-gcc, r-prerel-macos-arm64, r-prerel-windows-x86_64, r-patched-linux-x86_64