Last updated on 2025-01-20 22:48:58 CET.
Flavor | Version | Tinstall | Tcheck | Ttotal | Status | Flags |
---|---|---|---|---|---|---|
r-devel-linux-x86_64-debian-clang | 0.4.0 | 32.22 | 85.32 | 117.54 | NOTE | |
r-devel-linux-x86_64-debian-gcc | 0.4.0 | 22.98 | 59.99 | 82.97 | NOTE | |
r-devel-linux-x86_64-fedora-clang | 0.4.0 | 201.73 | NOTE | |||
r-devel-linux-x86_64-fedora-gcc | 0.4.0 | 194.44 | NOTE | |||
r-devel-windows-x86_64 | 0.4.0 | 36.00 | 114.00 | 150.00 | NOTE | |
r-patched-linux-x86_64 | 0.4.0 | 36.27 | 79.84 | 116.11 | NOTE | |
r-release-linux-x86_64 | 0.4.0 | 34.37 | 79.82 | 114.19 | NOTE | |
r-release-macos-arm64 | 0.4.0 | 47.00 | NOTE | |||
r-release-macos-x86_64 | 0.4.0 | 72.00 | NOTE | |||
r-release-windows-x86_64 | 0.4.0 | 34.00 | 114.00 | 148.00 | NOTE | |
r-oldrel-macos-arm64 | 0.4.0 | 54.00 | NOTE | |||
r-oldrel-macos-x86_64 | 0.4.0 | 91.00 | NOTE | |||
r-oldrel-windows-x86_64 | 0.4.0 | 43.00 | 143.00 | 186.00 | NOTE |
Version: 0.4.0
Check: Rd cross-references
Result: NOTE
Found the following Rd file(s) with Rd \link{} targets missing package
anchors:
Voss.density.Rd: dLBA, ddiffusion, dwiener
estDstarM.Rd: DEoptim.control, DEoptim
estND.Rd: DEoptim.control
Please provide package anchors for all Rd \link{} targets not in the
package itself and the base packages.
Flavors: r-devel-linux-x86_64-debian-clang, r-devel-linux-x86_64-debian-gcc, r-devel-windows-x86_64
Version: 0.4.0
Check: dependencies in R code
Result: NOTE
Namespace in Imports field not imported from: ‘Rcpp’
All declared Imports should be used.
Flavors: r-devel-linux-x86_64-fedora-clang, r-devel-linux-x86_64-fedora-gcc
Version: 0.4.0
Check: LazyData
Result: NOTE
'LazyData' is specified without a 'data' directory
Flavors: r-patched-linux-x86_64, r-release-linux-x86_64, r-release-macos-arm64, r-release-macos-x86_64, r-release-windows-x86_64, r-oldrel-macos-arm64, r-oldrel-macos-x86_64, r-oldrel-windows-x86_64