Last updated on 2023-12-07 21:55:45 CET.
Flavor | Version | Tinstall | Tcheck | Ttotal | Status | Flags |
---|---|---|---|---|---|---|
r-devel-linux-x86_64-debian-clang | 1.1.0 | 5.78 | 58.34 | 64.12 | NOTE | |
r-devel-linux-x86_64-debian-gcc | 1.1.0 | 5.12 | 43.78 | 48.90 | NOTE | |
r-devel-linux-x86_64-fedora-clang | 1.1.0 | 78.82 | NOTE | |||
r-devel-linux-x86_64-fedora-gcc | 1.1.0 | 76.90 | NOTE | |||
r-devel-windows-x86_64 | 1.1.0 | 6.00 | 61.00 | 67.00 | NOTE | |
r-patched-linux-x86_64 | 1.1.0 | 6.51 | 57.18 | 63.69 | NOTE | |
r-release-linux-x86_64 | 1.1.0 | 4.89 | 55.39 | 60.28 | NOTE | |
r-release-macos-arm64 | 1.1.0 | 27.00 | NOTE | |||
r-release-macos-x86_64 | 1.1.0 | 40.00 | NOTE | |||
r-release-windows-x86_64 | 1.1.0 | 9.00 | 69.00 | 78.00 | NOTE | |
r-oldrel-macos-arm64 | 1.1.0 | 26.00 | OK | |||
r-oldrel-macos-x86_64 | 1.1.0 | 48.00 | OK | |||
r-oldrel-windows-x86_64 | 1.1.0 | 8.00 | 72.00 | 80.00 | OK |
Version: 1.1.0
Check: package subdirectories
Result: NOTE
Problems with news in ‘NEWS.md’:
No news entries found.
Flavors: r-devel-linux-x86_64-debian-clang, r-devel-linux-x86_64-debian-gcc, r-devel-linux-x86_64-fedora-clang, r-devel-linux-x86_64-fedora-gcc, r-devel-windows-x86_64, r-patched-linux-x86_64, r-release-linux-x86_64, r-release-macos-arm64, r-release-macos-x86_64, r-release-windows-x86_64
Version: 1.1.0
Check: Rd files
Result: NOTE
checkRd: (-1) dyadic_similarity.Rd:27: Lost braces; missing escapes or markup?
27 | For example, the order {a, b, c} implies that a > b, a > c, and b > c.
| ^
Flavors: r-devel-linux-x86_64-debian-clang, r-devel-linux-x86_64-debian-gcc