Last updated on 2023-09-20 21:52:48 CEST.
Flavor | Version | Tinstall | Tcheck | Ttotal | Status | Flags |
---|---|---|---|---|---|---|
r-devel-linux-x86_64-debian-clang | 1.3 | 28.55 | 50.72 | 79.27 | OK | |
r-devel-linux-x86_64-debian-gcc | 1.3 | 18.99 | 37.74 | 56.73 | OK | |
r-devel-linux-x86_64-fedora-clang | 1.3 | 99.17 | OK | |||
r-devel-linux-x86_64-fedora-gcc | 1.3 | 96.66 | OK | |||
r-devel-windows-x86_64 | 1.3 | 20.00 | 77.00 | 97.00 | NOTE | |
r-patched-linux-x86_64 | 1.3 | 26.73 | 46.90 | 73.63 | OK | |
r-release-linux-x86_64 | 1.3 | 23.97 | 47.89 | 71.86 | OK | |
r-release-macos-arm64 | 1.3 | 35.00 | NOTE | |||
r-release-macos-x86_64 | 1.3 | 45.00 | NOTE | |||
r-release-windows-x86_64 | 1.3 | 21.00 | 89.00 | 110.00 | NOTE | |
r-oldrel-macos-arm64 | 1.3 | 34.00 | NOTE | |||
r-oldrel-macos-x86_64 | 1.3 | 43.00 | NOTE | |||
r-oldrel-windows-x86_64 | 1.3 | 27.00 | 86.00 | 113.00 | NOTE |
Version: 1.3
Check: installed package size
Result: NOTE
installed size is 5.1Mb
sub-directories of 1Mb or more:
data 3.9Mb
libs 1.0Mb
Flavors: r-devel-windows-x86_64, r-release-macos-arm64, r-release-macos-x86_64, r-release-windows-x86_64, r-oldrel-macos-arm64, r-oldrel-macos-x86_64, r-oldrel-windows-x86_64