CRAN Package Check Results for Package EEMDlstm

Last updated on 2023-09-22 23:04:57 CEST.

Flavor Version Tinstall Tcheck Ttotal Status Flags
r-devel-linux-x86_64-debian-clang 0.1.0 15.19 127.41 142.60 OK
r-devel-linux-x86_64-debian-gcc 0.1.0 11.12 93.91 105.03 OK
r-devel-linux-x86_64-fedora-clang 0.1.0 168.58 NOTE
r-devel-linux-x86_64-fedora-gcc 0.1.0 158.14 NOTE
r-devel-windows-x86_64 0.1.0 14.00 102.00 116.00 OK
r-patched-linux-x86_64 0.1.0 11.82 118.77 130.59 OK
r-release-linux-x86_64 0.1.0 12.57 121.39 133.96 OK
r-release-macos-arm64 0.1.0 53.00 OK
r-release-macos-x86_64 0.1.0 84.00 OK
r-release-windows-x86_64 0.1.0 18.00 123.00 141.00 OK
r-oldrel-macos-arm64 0.1.0 48.00 NOTE
r-oldrel-macos-x86_64 0.1.0 67.00 NOTE
r-oldrel-windows-x86_64 0.1.0 17.00 129.00 146.00 OK

Additional issues

donttest

Check Details

Version: 0.1.0
Check: dependencies in R code
Result: NOTE
    Namespaces in Imports field not imported from:
     ‘reticulate’ ‘tensorflow’
     All declared Imports should be used.
Flavors: r-devel-linux-x86_64-fedora-clang, r-devel-linux-x86_64-fedora-gcc, r-oldrel-macos-arm64, r-oldrel-macos-x86_64