CRAN Package Check Results for Package EFAtools

Last updated on 2023-11-29 23:02:33 CET.

Flavor Version Tinstall Tcheck Ttotal Status Flags
r-devel-linux-x86_64-debian-clang 0.4.4 103.41 441.09 544.50 NOTE
r-devel-linux-x86_64-debian-gcc 0.4.4 65.98 338.14 404.12 NOTE
r-devel-linux-x86_64-fedora-clang 0.4.4 677.30 NOTE
r-devel-linux-x86_64-fedora-gcc 0.4.4 689.92 NOTE
r-devel-windows-x86_64 0.4.4 73.00 360.00 433.00 NOTE
r-patched-linux-x86_64 0.4.4 72.98 444.99 517.97 NOTE
r-release-linux-x86_64 0.4.4 63.56 429.64 493.20 NOTE
r-release-macos-arm64 0.4.4 186.00 NOTE
r-release-macos-x86_64 0.4.4 332.00 NOTE
r-release-windows-x86_64 0.4.4 106.00 441.00 547.00 NOTE
r-oldrel-macos-arm64 0.4.4 166.00 OK
r-oldrel-macos-x86_64 0.4.4 229.00 OK
r-oldrel-windows-x86_64 0.4.4 97.00 471.00 568.00 OK

Check Details

Version: 0.4.4
Check: C++ specification
Result: NOTE Specified C++11: please drop specification unless essential Flavors: r-devel-linux-x86_64-debian-clang, r-devel-linux-x86_64-debian-gcc, r-devel-linux-x86_64-fedora-clang, r-devel-linux-x86_64-fedora-gcc, r-devel-windows-x86_64, r-patched-linux-x86_64, r-release-linux-x86_64, r-release-macos-arm64, r-release-macos-x86_64, r-release-windows-x86_64

Version: 0.4.4
Check: dependencies in R code
Result: NOTE Namespace in Imports field not imported from: ‘progress’ All declared Imports should be used. Flavors: r-devel-linux-x86_64-fedora-clang, r-devel-linux-x86_64-fedora-gcc