Last updated on 2023-01-28 22:55:11 CET.
Flavor | Version | Tinstall | Tcheck | Ttotal | Status | Flags |
---|---|---|---|---|---|---|
r-devel-linux-x86_64-debian-clang | 0.4.4 | 98.11 | 628.79 | 726.90 | OK | |
r-devel-linux-x86_64-debian-gcc | 0.4.4 | 73.59 | 477.81 | 551.40 | NOTE | |
r-devel-linux-x86_64-fedora-clang | 0.4.4 | 775.19 | NOTE | |||
r-devel-linux-x86_64-fedora-gcc | 0.4.4 | 708.86 | NOTE | |||
r-devel-windows-x86_64 | 0.4.4 | 123.00 | 476.00 | 599.00 | OK | |
r-patched-linux-x86_64 | 0.4.4 | 86.17 | 525.32 | 611.49 | OK | |
r-release-linux-x86_64 | 0.4.4 | 79.15 | 508.39 | 587.54 | OK | |
r-release-macos-arm64 | 0.4.4 | 166.00 | OK | |||
r-release-macos-x86_64 | 0.4.4 | 229.00 | OK | |||
r-release-windows-x86_64 | 0.4.4 | 119.00 | 493.00 | 612.00 | OK | |
r-oldrel-macos-arm64 | 0.4.4 | 160.00 | OK | |||
r-oldrel-macos-x86_64 | 0.4.4 | 233.00 | OK | |||
r-oldrel-windows-ix86+x86_64 | 0.4.4 | 231.00 | 736.00 | 967.00 | OK |
Version: 0.4.4
Check: C++ specification
Result: NOTE
Specified C++11: please update to current default of C++17
Flavors: r-devel-linux-x86_64-debian-gcc, r-devel-linux-x86_64-fedora-gcc
Version: 0.4.4
Check: dependencies in R code
Result: NOTE
Namespace in Imports field not imported from: ‘progress’
All declared Imports should be used.
Flavors: r-devel-linux-x86_64-fedora-clang, r-devel-linux-x86_64-fedora-gcc