Last updated on 2021-04-12 22:51:00 CEST.
Flavor | Version | Tinstall | Tcheck | Ttotal | Status | Flags |
---|---|---|---|---|---|---|
r-devel-linux-x86_64-debian-clang | 0.3.1 | 100.62 | 563.90 | 664.52 | OK | |
r-devel-linux-x86_64-debian-gcc | 0.3.1 | 65.46 | 429.50 | 494.96 | OK | |
r-devel-linux-x86_64-fedora-clang | 0.3.1 | 647.60 | NOTE | |||
r-devel-linux-x86_64-fedora-gcc | 0.3.1 | 688.58 | NOTE | |||
r-devel-windows-ix86+x86_64 | 0.3.1 | 228.00 | 700.00 | 928.00 | OK | |
r-devel-windows-x86_64-gcc10-UCRT | 0.3.1 | NOTE | ||||
r-patched-linux-x86_64 | 0.3.1 | 67.42 | 504.00 | 571.42 | OK | |
r-patched-solaris-x86 | 0.3.1 | 1081.30 | NOTE | |||
r-release-linux-x86_64 | 0.3.1 | 58.86 | 487.53 | 546.39 | OK | |
r-release-macos-x86_64 | 0.3.1 | NOTE | ||||
r-release-windows-ix86+x86_64 | 0.3.1 | 194.00 | 693.00 | 887.00 | OK | |
r-oldrel-macos-x86_64 | 0.3.1 | NOTE | ||||
r-oldrel-windows-ix86+x86_64 | 0.3.1 | 151.00 | 555.00 | 706.00 | OK |
Version: 0.3.1
Check: installed package size
Result: NOTE
installed size is 6.0Mb
sub-directories of 1Mb or more:
doc 1.0Mb
libs 4.0Mb
Flavors: r-devel-linux-x86_64-fedora-clang, r-release-macos-x86_64, r-oldrel-macos-x86_64
Version: 0.3.1
Check: dependencies in R code
Result: NOTE
Namespace in Imports field not imported from: ‘progress’
All declared Imports should be used.
Flavors: r-devel-linux-x86_64-fedora-clang, r-devel-linux-x86_64-fedora-gcc, r-devel-windows-x86_64-gcc10-UCRT, r-patched-solaris-x86, r-release-macos-x86_64, r-oldrel-macos-x86_64