Last updated on 2021-04-20 22:52:55 CEST.
Flavor | Version | Tinstall | Tcheck | Ttotal | Status | Flags |
---|---|---|---|---|---|---|
r-devel-linux-x86_64-debian-clang | 1.0.3 | 30.55 | 350.58 | 381.13 | OK | |
r-devel-linux-x86_64-debian-gcc | 1.0.3 | 25.54 | 260.26 | 285.80 | OK | |
r-devel-linux-x86_64-fedora-clang | 1.0.3 | 474.82 | OK | |||
r-devel-linux-x86_64-fedora-gcc | 1.0.3 | 451.38 | OK | |||
r-devel-windows-ix86+x86_64 | 1.0.3 | 45.00 | 287.00 | 332.00 | OK | |
r-devel-windows-x86_64-gcc10-UCRT | 1.0.3 | NOTE | ||||
r-patched-linux-x86_64 | 1.0.3 | 27.19 | 328.23 | 355.42 | OK | |
r-patched-solaris-x86 | 1.0.3 | 788.40 | OK | |||
r-release-linux-x86_64 | 1.0.3 | 28.81 | 331.99 | 360.80 | OK | |
r-release-macos-x86_64 | 1.0.3 | OK | ||||
r-release-windows-ix86+x86_64 | 1.0.3 | 63.00 | 389.00 | 452.00 | OK | |
r-oldrel-macos-x86_64 | 1.0.3 | OK | ||||
r-oldrel-windows-ix86+x86_64 | 1.0.3 | 57.00 | 374.00 | 431.00 | OK |
Version: 1.0.3
Check: package dependencies
Result: NOTE
Package suggested but not available for checking: 'hypervolume'
Flavor: r-devel-windows-x86_64-gcc10-UCRT